{"id":7957,"date":"2025-05-08T09:24:49","date_gmt":"2025-05-08T06:24:49","guid":{"rendered":"https:\/\/kuurojenliitto.fi\/yhdistyshuone\/?page_id=7957"},"modified":"2025-05-08T09:32:01","modified_gmt":"2025-05-08T06:32:01","slug":"yhdessa-kohti-reiluja-vaaleja","status":"publish","type":"page","link":"https:\/\/kuurojenliitto.fi\/yhdistyshuone\/yhdessa-kohti-reiluja-vaaleja\/","title":{"rendered":"Yhdess\u00e4 kohti reiluja vaaleja"},"content":{"rendered":"\n\n<section id=\"column-block_f8592b18e9f42df0cd96c9369a6fac95\" class=\"section-default ingress px-4 sm:px-4 md:px-8 lg:px-12 xl:px-24\">\n    <div class=\"flex pb-4\">\n            \n    <\/div>\n\n<\/section>\n\n\n\n<section id=\"column-block_43edb64e476462b1437b9356eacc2ffc\" class=\"px-4 sm:px-4 md:px-8 lg:px-12 xl:px-24 section-default \">\n\n            <div class=\"relative py-4 gridder\">\n                        <div id=\"stickier\" class=\"b z-10 flex flex-row flex-wrap  mb-6 top-0 relative\">\n\n          <div class=\"x-tabs w-full\" x-data=\"{ activeTab: 0 }\">\n                    <div :class=\"{ 'hidden': activeTab !== 0 }\" tabindex=\"0\" role=\"tabpanel\" id=\"tab-0\" aria-labelledby=\"label-0\" class=\"bg-white\">\n                                        <button onclick=\"getSticky()\" class=\"bg-moss-500 hover:text-white text-dark w-16 h-16 hidden md:block md:absolute top-0 right-0 z-10\"><i class=\"fas fa-thumbtack fa-lg\"><\/i><br><span id=\"stickytext\">Kiinnit\u00e4<\/span><\/button>\n                                <div class=\"embed-container w-full\">\n    <iframe loading=\"lazy\" title=\"Yhdess\u00e4 kohti reiluja vaaleja\" width=\"640\" height=\"360\" src=\"https:\/\/www.youtube.com\/embed\/63fDY2Qnqng?feature=oembed\" frameborder=\"0\" allow=\"accelerometer; autoplay; clipboard-write; encrypted-media; gyroscope; picture-in-picture; web-share\" referrerpolicy=\"strict-origin-when-cross-origin\" allowfullscreen><\/iframe>  <\/div>\n  <div class=\"w-full p-2 bg-light text-md\">\n        <div class=\"flex flex-row flex-wrap text-sm text-gray-800\">\n              <div class=\"w-full md:w-1\/3\">\n          <i class=\"far fa-clock mr-1 text-gray-500\"><\/i> Kesto: 01:00<\/div>\n      \n      <div class=\"w-full md:w-2\/3\">\n        <i class=\"fal fa-closed-captioning mr-1 text-gray-500\"><\/i>\n        Ei tekstityst\u00e4                  <div class=\"w-full\"><i class=\"fal fa-sign-language mr-1 text-gray-500\"><\/i>\n            Kieli:\n                                                          <span>Suomalainen viittomakieli<\/span>\n                          \n          <\/div>\n              <\/div>\n    <\/div>\n  <\/div>\n                                                <\/div>\n                                <\/div>\n\n                              <\/div>\n        \n          <div class=\"content entry-content bg-white p-8 lg:pr-20 a lg:mr-12 mb-3 shadow-xl hover:shadow-2xl\">\n            <p>Kuurojen Liiton puheenjohtajavaalit l\u00e4hestyv\u00e4t. Ne ovat t\u00e4rke\u00e4 osa yhteis\u00f6mme demokraattista toimintaa. Haluamme, ett\u00e4 vaalit sujuvat reilusti ja luottamusta her\u00e4tt\u00e4v\u00e4sti. Siksi on hyv\u00e4, ett\u00e4 meill\u00e4 on yhteiset pelis\u00e4\u00e4nn\u00f6t vaaleja edelt\u00e4v\u00e4\u00e4n aikaan.<\/p>\n<h2>\ud83d\udc99Yhdess\u00e4 reilut vaalit<\/h2>\n<p>T\u00e4m\u00e4 ohjeistus auttaa meit\u00e4 kaikkia toimimaan reilusti ja rakentavasti. Kiitos, ett\u00e4 olet mukana rakentamassa luottamusta ja yhteis\u00f6llisyytt\u00e4.<\/p>\n<p>Yhdess\u00e4 olemme enemm\u00e4n \u2013 viittoen.<\/p>\n<p>Ohjeistuksen pdf-version voit ladata <strong><a href=\"https:\/\/kuurojenliitto.fi\/yhdistyshuone\/wp-content\/uploads\/sites\/11\/2025\/05\/Reilut-vaalit_Rattvisa-val-2025.pdf\" target=\"_blank\" rel=\"noopener\">t\u00e4st\u00e4<\/a><\/strong>.<\/p>\n                      <\/div>\n\n          \n\n      <\/div>\n    \n  \n<\/section>\n\n\n\n\n<section id=\"column-block_308a9ceaa2694744982379808c176188\" class=\"section-default pt-0 pb-0 px-4 sm:px-4 md:px-8 lg:px-12 xl:px-24 bg-gray-100 big-card\">\n\n  \n  <div class=\"flex-row -mx-4\">\n\n    <article class=\"p-4 relative w-full\">\n      <div class=\"bg-white shadow-xl hover:shadow-2xl flex flex-col md:flex-row\">\n        <div class=\"big-card-image md:w-1\/2 flex\">\n                                                                              <article class=\"w-full p-4 relative youtube-iframe\">\n                        <div class=\"bg-white\">\n                            <figure class=\"relative w-full responsive-iframe\">\n                              <iframe loading=\"lazy\" title=\"Ohjeet puheenjohtajaehdokkaille\" width=\"640\" height=\"360\" src=\"https:\/\/www.youtube.com\/embed\/bLRUX3y4tSo?feature=oembed\" frameborder=\"0\" allow=\"accelerometer; autoplay; clipboard-write; encrypted-media; gyroscope; picture-in-picture; web-share\" referrerpolicy=\"strict-origin-when-cross-origin\" allowfullscreen><\/iframe>                            <\/figure>\n                                                        <div class=\"flex flex-row flex-wrap px-4\">\n                                                              <div class=\"w-1\/2 md:w-1\/4\">\n                                  <i class=\"far fa-clock mr-1 text-gray-500\" aria-hidden=\"true\"><\/i>\n                                  <span class=\"sr-only\">Kesto: <\/span>02.08                                <\/div>\n                                                                                                                      <\/div>\n                            \n                                \n                        <\/div>\n                    <\/article>\n                                            <\/div>\n        <div class=\"md:w-1\/2 px-8 py-4\">\n                      <h3 class=\"mt-4 text-2xl leading-tight heading-lg\">Ohjeet puheenjohtajaehdokkaille<\/h3>\n                    \n                      <p>Olet ehdokkaana mukana t\u00e4rke\u00e4ss\u00e4 teht\u00e4v\u00e4ss\u00e4. Haluamme varmistaa, ett\u00e4 kaikilla ehdokkailla on reilu ja tasapuolinen mahdollisuus kertoa ajatuksistaan.<\/p>\n<p>\u2022 Liiton verkkosivuilla ja esittelyvideoissa kaikki ehdokkaat saavat tasapuolisesti tilaa ennen liittokokousta.<br \/>\n\u2022 Liittokokouksessa vaalivaliokunta haastattelee ehdokkaita. N\u00e4in varmistetaan, ett\u00e4 jokaisella on sama mahdollisuus kertoa n\u00e4kemyksist\u00e4\u00e4n.<br \/>\n\u2022 Ennen liittokokousta kampanjointi on ehdokkaiden omalla vastuulla \u2013 liitto ei tue yksitt\u00e4isten ehdokkaiden kampanjaa.<br \/>\n\u2022 Kampanjointia ei voi tehd\u00e4 liiton tilaisuuksissa, ellei kaikille ehdokkaille tarjota samaa mahdollisuutta.<br \/>\n\u2022 Yhdistykset voivat kutsua ehdokkaita esitt\u00e4ytym\u00e4\u00e4n tai keskustelemaan. T\u00e4m\u00e4 on osa avointa ja demokraattista keskustelua. N\u00e4m\u00e4 tilaisuudet eiv\u00e4t ole liiton j\u00e4rjest\u00e4mi\u00e4, vaan yhdistysten ja ehdokkaiden kesken\u00e4\u00e4n sopimia.<br \/>\n\u2022 Ehdokkaita kannustetaan kampanjoimaan rakentavasti ja yhteis\u00f6\u00e4 kunnioittaen. Reilu ja avoin keskustelu luo luottamusta meihin kaikkiin.<\/p>\n<p>Kiitos, ett\u00e4 olet mukana ehdokkaana \u2013 olet t\u00e4rke\u00e4 osa t\u00e4t\u00e4 demokraattista prosessia.<\/p>\n                            <\/div>\n      <\/div>\n    <\/article>\n  <\/div>\n\n  \n<\/section>\n\n\n\n\n<section id=\"column-block_13806f37295064c73329db9c7618ab22\" class=\"section-default pt-0 pb-0 px-4 sm:px-4 md:px-8 lg:px-12 xl:px-24 bg-gray-100 big-card\">\n\n  \n  <div class=\"flex-row -mx-4\">\n\n    <article class=\"p-4 relative w-full\">\n      <div class=\"bg-white shadow-xl hover:shadow-2xl flex flex-col md:flex-row-reverse\">\n        <div class=\"big-card-image md:w-1\/2 flex\">\n                                                                              <article class=\"w-full p-4 relative youtube-iframe\">\n                        <div class=\"bg-white\">\n                            <figure class=\"relative w-full responsive-iframe\">\n                              <iframe loading=\"lazy\" title=\"Ohjeet vaalivaliokunnalle\" width=\"640\" height=\"360\" src=\"https:\/\/www.youtube.com\/embed\/S9Og-I7E7rM?feature=oembed\" frameborder=\"0\" allow=\"accelerometer; autoplay; clipboard-write; encrypted-media; gyroscope; picture-in-picture; web-share\" referrerpolicy=\"strict-origin-when-cross-origin\" allowfullscreen><\/iframe>                            <\/figure>\n                                                        <div class=\"flex flex-row flex-wrap px-4\">\n                                                              <div class=\"w-1\/2 md:w-1\/4\">\n                                  <i class=\"far fa-clock mr-1 text-gray-500\" aria-hidden=\"true\"><\/i>\n                                  <span class=\"sr-only\">Kesto: <\/span>01:10                                <\/div>\n                                                                                                                      <\/div>\n                            \n                                \n                        <\/div>\n                    <\/article>\n                                            <\/div>\n        <div class=\"md:w-1\/2 px-8 py-4\">\n                      <h3 class=\"mt-4 text-2xl leading-tight heading-lg\">Ohjeet vaalivaliokunnalle<\/h3>\n                    \n                      <p>Vaalivaliokunta tekee t\u00e4rke\u00e4\u00e4 ty\u00f6t\u00e4 vaalien valmistelussa. Vaalivaliokunta on liittokokouksen nimitt\u00e4m\u00e4 itsen\u00e4inen ja riippumaton toimielin, jonka teht\u00e4v\u00e4n\u00e4 on valmistella liittokokouksen henkil\u00f6valintoja liittokokoukselle. Vaalivaliokunnan j\u00e4senten on t\u00e4rke\u00e4\u00e4 pysy\u00e4 neutraalina ja puolueettomana koko prosessin ajan.<\/p>\n<p>\u2022 Vaalivaliokunta ei ota kantaa ehdokkaisiin. My\u00f6s tykk\u00e4ykset ja jaot somessa voivat n\u00e4ytt\u00e4\u00e4 kannanotolta \u2013 siksi niit\u00e4 kannattaa v\u00e4ltt\u00e4\u00e4.<br \/>\n\u2022 Vaalivaliokunta voi antaa ehdokkaille ohjeita, mutta neutraalisti. Kaikilla tulee olla samanlainen mahdollisuus esitt\u00e4yty\u00e4.<\/p>\n                            <\/div>\n      <\/div>\n    <\/article>\n  <\/div>\n\n  \n<\/section>\n\n\n\n\n<section id=\"column-block_12f42ddbf701c421ef9d2c9dbf28cf4e\" class=\"section-default pt-0 pb-0 px-4 sm:px-4 md:px-8 lg:px-12 xl:px-24 bg-gray-100 big-card\">\n\n  \n  <div class=\"flex-row -mx-4\">\n\n    <article class=\"p-4 relative w-full\">\n      <div class=\"bg-white shadow-xl hover:shadow-2xl flex flex-col md:flex-row\">\n        <div class=\"big-card-image md:w-1\/2 flex\">\n                                                                              <article class=\"w-full p-4 relative youtube-iframe\">\n                        <div class=\"bg-white\">\n                            <figure class=\"relative w-full responsive-iframe\">\n                              <iframe loading=\"lazy\" title=\"Ohjeet tyo\u0308ntekijo\u0308ille\" width=\"640\" height=\"360\" src=\"https:\/\/www.youtube.com\/embed\/uMWnvc13w1I?feature=oembed\" frameborder=\"0\" allow=\"accelerometer; autoplay; clipboard-write; encrypted-media; gyroscope; picture-in-picture; web-share\" referrerpolicy=\"strict-origin-when-cross-origin\" allowfullscreen><\/iframe>                            <\/figure>\n                                                        <div class=\"flex flex-row flex-wrap px-4\">\n                                                              <div class=\"w-1\/2 md:w-1\/4\">\n                                  <i class=\"far fa-clock mr-1 text-gray-500\" aria-hidden=\"true\"><\/i>\n                                  <span class=\"sr-only\">Kesto: <\/span>00:57                                <\/div>\n                                                                                                                      <\/div>\n                            \n                                \n                        <\/div>\n                    <\/article>\n                                            <\/div>\n        <div class=\"md:w-1\/2 px-8 py-4\">\n                      <h3 class=\"mt-4 text-2xl leading-tight heading-lg\">Ohjeet liiton ty\u00f6ntekij\u00f6ille<\/h3>\n                    \n                      <p>Kuurojen Liiton ty\u00f6ntekij\u00f6iden on t\u00e4rke\u00e4\u00e4 s\u00e4ilytt\u00e4\u00e4 puolueettomuus vaalien aikana.<\/p>\n<p>\u2022 Ty\u00f6ajalla ja ty\u00f6roolissa ei voi kampanjoida, suositella ehdokkaita tai ottaa kantaa.<br \/>\n\u2022 Sama p\u00e4tee sosiaalisessa mediassa \u2013 my\u00f6s tykk\u00e4ykset ja jaot voivat n\u00e4ytt\u00e4yty\u00e4 kannanottona.<br \/>\n\u2022 Jos ty\u00f6ntekij\u00e4 on j\u00e4senen\u00e4 yhdistyksess\u00e4, h\u00e4n voi osallistua normaalisti yhdistyksen p\u00e4\u00e4t\u00f6ksiin, kuten puheenjohtajan valintaan. T\u00e4m\u00e4 kuuluu j\u00e4senen oikeuksiin, kunhan se ei liity ty\u00f6h\u00f6n tai ty\u00f6nantajan viestint\u00e4\u00e4n.<\/p>\n                            <\/div>\n      <\/div>\n    <\/article>\n  <\/div>\n\n  \n<\/section>\n","protected":false},"excerpt":{"rendered":"<p>Kiinnit\u00e4 Kesto: 01:00 Ei tekstityst\u00e4 Kieli: Suomalainen viittomakieli Kuurojen Liiton puheenjohtajavaalit l\u00e4hestyv\u00e4t. Ne ovat t\u00e4rke\u00e4 osa yhteis\u00f6mme demokraattista toimintaa. Haluamme, ett\u00e4 vaalit sujuvat reilusti ja luottamusta her\u00e4tt\u00e4v\u00e4sti. Siksi on hyv\u00e4, ett\u00e4 meill\u00e4 on yhteiset pelis\u00e4\u00e4nn\u00f6t&#8230;<\/p>\n","protected":false},"author":6,"featured_media":0,"parent":0,"menu_order":0,"comment_status":"closed","ping_status":"closed","template":"","meta":{"footnotes":""},"class_list":["post-7957","page","type-page","status-publish","hentry","px-4 sm:px-4 md:px-8 lg:px-12 xl:px-24"],"acf":[],"yoast_head":"<!-- This site is optimized with the Yoast SEO plugin v27.3 - https:\/\/yoast.com\/product\/yoast-seo-wordpress\/ -->\n<title>Yhdess\u00e4 kohti reiluja vaaleja - Yhdistyshuone<\/title>\n<meta name=\"robots\" content=\"index, follow, max-snippet:-1, max-image-preview:large, max-video-preview:-1\" \/>\n<link rel=\"canonical\" href=\"https:\/\/kuurojenliitto.fi\/yhdistyshuone\/yhdessa-kohti-reiluja-vaaleja\/\" \/>\n<meta property=\"og:locale\" content=\"fi_FI\" \/>\n<meta property=\"og:type\" content=\"article\" \/>\n<meta property=\"og:title\" content=\"Yhdess\u00e4 kohti reiluja vaaleja - Yhdistyshuone\" \/>\n<meta property=\"og:description\" content=\"Kiinnit\u00e4 Kesto: 01:00 Ei tekstityst\u00e4 Kieli: Suomalainen viittomakieli Kuurojen Liiton puheenjohtajavaalit l\u00e4hestyv\u00e4t. Ne ovat t\u00e4rke\u00e4 osa yhteis\u00f6mme demokraattista toimintaa. Haluamme, ett\u00e4 vaalit sujuvat reilusti ja luottamusta her\u00e4tt\u00e4v\u00e4sti. Siksi on hyv\u00e4, ett\u00e4 meill\u00e4 on yhteiset pelis\u00e4\u00e4nn\u00f6t...\" \/>\n<meta property=\"og:url\" content=\"https:\/\/kuurojenliitto.fi\/yhdistyshuone\/yhdessa-kohti-reiluja-vaaleja\/\" \/>\n<meta property=\"og:site_name\" content=\"Yhdistyshuone\" \/>\n<meta property=\"article:modified_time\" content=\"2025-05-08T06:32:01+00:00\" \/>\n<meta name=\"twitter:card\" content=\"summary_large_image\" \/>\n<script type=\"application\/ld+json\" class=\"yoast-schema-graph\">{\"@context\":\"https:\\\/\\\/schema.org\",\"@graph\":[{\"@type\":\"WebPage\",\"@id\":\"https:\\\/\\\/kuurojenliitto.fi\\\/yhdistyshuone\\\/yhdessa-kohti-reiluja-vaaleja\\\/\",\"url\":\"https:\\\/\\\/kuurojenliitto.fi\\\/yhdistyshuone\\\/yhdessa-kohti-reiluja-vaaleja\\\/\",\"name\":\"Yhdess\u00e4 kohti reiluja vaaleja - Yhdistyshuone\",\"isPartOf\":{\"@id\":\"https:\\\/\\\/kuurojenliitto.fi\\\/yhdistyshuone\\\/#website\"},\"datePublished\":\"2025-05-08T06:24:49+00:00\",\"dateModified\":\"2025-05-08T06:32:01+00:00\",\"breadcrumb\":{\"@id\":\"https:\\\/\\\/kuurojenliitto.fi\\\/yhdistyshuone\\\/yhdessa-kohti-reiluja-vaaleja\\\/#breadcrumb\"},\"inLanguage\":\"fi\",\"potentialAction\":[{\"@type\":\"ReadAction\",\"target\":[\"https:\\\/\\\/kuurojenliitto.fi\\\/yhdistyshuone\\\/yhdessa-kohti-reiluja-vaaleja\\\/\"]}]},{\"@type\":\"BreadcrumbList\",\"@id\":\"https:\\\/\\\/kuurojenliitto.fi\\\/yhdistyshuone\\\/yhdessa-kohti-reiluja-vaaleja\\\/#breadcrumb\",\"itemListElement\":[{\"@type\":\"ListItem\",\"position\":1,\"name\":\"Ing\u00e5ngssida\",\"item\":\"https:\\\/\\\/kuurojenliitto.fi\\\/yhdistyshuone\\\/\"},{\"@type\":\"ListItem\",\"position\":2,\"name\":\"Yhdess\u00e4 kohti reiluja vaaleja\"}]},{\"@type\":\"WebSite\",\"@id\":\"https:\\\/\\\/kuurojenliitto.fi\\\/yhdistyshuone\\\/#website\",\"url\":\"https:\\\/\\\/kuurojenliitto.fi\\\/yhdistyshuone\\\/\",\"name\":\"Yhdistyshuone\",\"description\":\"Uusi Kuurojen Liitto-sivustot -sivusto\",\"potentialAction\":[{\"@type\":\"SearchAction\",\"target\":{\"@type\":\"EntryPoint\",\"urlTemplate\":\"https:\\\/\\\/kuurojenliitto.fi\\\/yhdistyshuone\\\/?s={search_term_string}\"},\"query-input\":{\"@type\":\"PropertyValueSpecification\",\"valueRequired\":true,\"valueName\":\"search_term_string\"}}],\"inLanguage\":\"fi\"}]}<\/script>\n<!-- \/ Yoast SEO plugin. -->","yoast_head_json":{"title":"Yhdess\u00e4 kohti reiluja vaaleja - Yhdistyshuone","robots":{"index":"index","follow":"follow","max-snippet":"max-snippet:-1","max-image-preview":"max-image-preview:large","max-video-preview":"max-video-preview:-1"},"canonical":"https:\/\/kuurojenliitto.fi\/yhdistyshuone\/yhdessa-kohti-reiluja-vaaleja\/","og_locale":"fi_FI","og_type":"article","og_title":"Yhdess\u00e4 kohti reiluja vaaleja - Yhdistyshuone","og_description":"Kiinnit\u00e4 Kesto: 01:00 Ei tekstityst\u00e4 Kieli: Suomalainen viittomakieli Kuurojen Liiton puheenjohtajavaalit l\u00e4hestyv\u00e4t. Ne ovat t\u00e4rke\u00e4 osa yhteis\u00f6mme demokraattista toimintaa. Haluamme, ett\u00e4 vaalit sujuvat reilusti ja luottamusta her\u00e4tt\u00e4v\u00e4sti. Siksi on hyv\u00e4, ett\u00e4 meill\u00e4 on yhteiset pelis\u00e4\u00e4nn\u00f6t...","og_url":"https:\/\/kuurojenliitto.fi\/yhdistyshuone\/yhdessa-kohti-reiluja-vaaleja\/","og_site_name":"Yhdistyshuone","article_modified_time":"2025-05-08T06:32:01+00:00","twitter_card":"summary_large_image","schema":{"@context":"https:\/\/schema.org","@graph":[{"@type":"WebPage","@id":"https:\/\/kuurojenliitto.fi\/yhdistyshuone\/yhdessa-kohti-reiluja-vaaleja\/","url":"https:\/\/kuurojenliitto.fi\/yhdistyshuone\/yhdessa-kohti-reiluja-vaaleja\/","name":"Yhdess\u00e4 kohti reiluja vaaleja - Yhdistyshuone","isPartOf":{"@id":"https:\/\/kuurojenliitto.fi\/yhdistyshuone\/#website"},"datePublished":"2025-05-08T06:24:49+00:00","dateModified":"2025-05-08T06:32:01+00:00","breadcrumb":{"@id":"https:\/\/kuurojenliitto.fi\/yhdistyshuone\/yhdessa-kohti-reiluja-vaaleja\/#breadcrumb"},"inLanguage":"fi","potentialAction":[{"@type":"ReadAction","target":["https:\/\/kuurojenliitto.fi\/yhdistyshuone\/yhdessa-kohti-reiluja-vaaleja\/"]}]},{"@type":"BreadcrumbList","@id":"https:\/\/kuurojenliitto.fi\/yhdistyshuone\/yhdessa-kohti-reiluja-vaaleja\/#breadcrumb","itemListElement":[{"@type":"ListItem","position":1,"name":"Ing\u00e5ngssida","item":"https:\/\/kuurojenliitto.fi\/yhdistyshuone\/"},{"@type":"ListItem","position":2,"name":"Yhdess\u00e4 kohti reiluja vaaleja"}]},{"@type":"WebSite","@id":"https:\/\/kuurojenliitto.fi\/yhdistyshuone\/#website","url":"https:\/\/kuurojenliitto.fi\/yhdistyshuone\/","name":"Yhdistyshuone","description":"Uusi Kuurojen Liitto-sivustot -sivusto","potentialAction":[{"@type":"SearchAction","target":{"@type":"EntryPoint","urlTemplate":"https:\/\/kuurojenliitto.fi\/yhdistyshuone\/?s={search_term_string}"},"query-input":{"@type":"PropertyValueSpecification","valueRequired":true,"valueName":"search_term_string"}}],"inLanguage":"fi"}]}},"lang":"fi","translations":{"fi":7957,"sv":7977},"pll_sync_post":[],"_links":{"self":[{"href":"https:\/\/kuurojenliitto.fi\/yhdistyshuone\/wp-json\/wp\/v2\/pages\/7957","targetHints":{"allow":["GET"]}}],"collection":[{"href":"https:\/\/kuurojenliitto.fi\/yhdistyshuone\/wp-json\/wp\/v2\/pages"}],"about":[{"href":"https:\/\/kuurojenliitto.fi\/yhdistyshuone\/wp-json\/wp\/v2\/types\/page"}],"author":[{"embeddable":true,"href":"https:\/\/kuurojenliitto.fi\/yhdistyshuone\/wp-json\/wp\/v2\/users\/6"}],"replies":[{"embeddable":true,"href":"https:\/\/kuurojenliitto.fi\/yhdistyshuone\/wp-json\/wp\/v2\/comments?post=7957"}],"version-history":[{"count":18,"href":"https:\/\/kuurojenliitto.fi\/yhdistyshuone\/wp-json\/wp\/v2\/pages\/7957\/revisions"}],"predecessor-version":[{"id":7980,"href":"https:\/\/kuurojenliitto.fi\/yhdistyshuone\/wp-json\/wp\/v2\/pages\/7957\/revisions\/7980"}],"wp:attachment":[{"href":"https:\/\/kuurojenliitto.fi\/yhdistyshuone\/wp-json\/wp\/v2\/media?parent=7957"}],"curies":[{"name":"wp","href":"https:\/\/api.w.org\/{rel}","templated":true}]}}