{"id":7406,"date":"2024-11-13T16:58:16","date_gmt":"2024-11-13T14:58:16","guid":{"rendered":"https:\/\/kuurojenliitto.fi\/yhdistyshuone\/?page_id=7406"},"modified":"2025-01-24T10:29:56","modified_gmt":"2025-01-24T08:29:56","slug":"foreningsdagarna-2025","status":"publish","type":"page","link":"https:\/\/kuurojenliitto.fi\/yhdistyshuone\/sv\/foreningsdagarna-2025\/","title":{"rendered":"F\u00f6reningsdagarna 2025"},"content":{"rendered":"\n\n<section id=\"column-block_504636a131543bcdcc3963a3f324cf1c\" class=\"section-default ingress px-4 sm:px-4 md:px-8 lg:px-12 xl:px-24\">\n    <div class=\"flex pb-4\">\n                      <div class=\"w-full text-lg\">\n                  <p>F\u00f6reningsdagarna arrangeras som ett hybridevenemang: ni kan delta antingen fysiskt p\u00e5 plats i Helsingfors eller p\u00e5 distans p\u00e5 webbplattformen Zoom.\u202f\u202f\u202f <\/p>\n        <\/div>\n            \n    <\/div>\n\n<\/section>\n\n\n\n<section id=\"column-block_b5c03ce97e3e3f1ff5920eb535373e4b\" class=\"px-4 sm:px-4 md:px-8 lg:px-12 xl:px-24 section-default \">\n\n            <div class=\"relative py-4 gridder\">\n                        <div id=\"stickier\" class=\"b z-10 flex flex-row flex-wrap  mb-6 top-0 relative\">\n\n          <div class=\"x-tabs w-full\" x-data=\"{ activeTab: 0 }\">\n                    <div :class=\"{ 'hidden': activeTab !== 0 }\" tabindex=\"0\" role=\"tabpanel\" id=\"tab-0\" aria-labelledby=\"label-0\" class=\"bg-white\">\n                                        <button onclick=\"getSticky()\" class=\"bg-moss-500 hover:text-white text-dark w-16 h-16 hidden md:block md:absolute top-0 right-0 z-10\"><i class=\"fas fa-thumbtack fa-lg\"><\/i><br><span id=\"stickytext\">Kiinnit\u00e4<\/span><\/button>\n                                <div class=\"embed-container w-full\">\n    <iframe loading=\"lazy\" title=\"J\u00e4rjest\u00f6p\u00e4iv\u00e4t 2025\" width=\"640\" height=\"360\" src=\"https:\/\/www.youtube.com\/embed\/R72Rm_1HgLE?feature=oembed\" frameborder=\"0\" allow=\"accelerometer; autoplay; clipboard-write; encrypted-media; gyroscope; picture-in-picture; web-share\" referrerpolicy=\"strict-origin-when-cross-origin\" allowfullscreen><\/iframe>  <\/div>\n  <div class=\"w-full p-2 bg-light text-md\">\n        <div class=\"flex flex-row flex-wrap text-sm text-gray-800\">\n              <div class=\"w-full md:w-1\/3\">\n          <i class=\"far fa-clock mr-1 text-gray-500\"><\/i> Kesto: 05:30<\/div>\n      \n      <div class=\"w-full md:w-2\/3\">\n        <i class=\"fal fa-closed-captioning mr-1 text-gray-500\"><\/i>\n        Ei tekstityst\u00e4                  <div class=\"w-full\"><i class=\"fal fa-sign-language mr-1 text-gray-500\"><\/i>\n            Kieli:\n                                                          <span>Suomalainen viittomakieli<\/span>\n                          \n          <\/div>\n              <\/div>\n    <\/div>\n  <\/div>\n                                                <\/div>\n                                <\/div>\n\n                              <\/div>\n        \n          <div class=\"content entry-content bg-white p-8 lg:pr-20 a lg:mr-12 mb-3 shadow-xl hover:shadow-2xl\">\n            <div class=\"field field-name-body field-type-text-with-summary field-label-hidden\">\n<p><strong>F\u00f6reningsdagarna har tre aktuella teman: <\/strong><\/p>\n<ul>\n<li>Medlemsf\u00f6reningarnas framtid och st\u00e4rkande av deras verksamhet<\/li>\n<li>Program och m\u00e5l f\u00f6r Finlands D\u00f6vas F\u00f6rbunds 120-\u00e5rsjubileum<\/li>\n<li>Den f\u00f6rsta sammanfattningen av strategiturn\u00e9n f\u00f6r 2026-2030<\/li>\n<\/ul>\n<p>F\u00f6reningsdagarna b\u00f6rjar p\u00e5 fredag den <strong>24.1. kl. 18.00<\/strong> i Helsingfors D\u00f6vas F\u00f6rening rf:s lokal (Kuutio, K\u00f6pkroken 1, Helsingfors) och forts\u00e4tter p\u00e5 l\u00f6rdagen den <strong>25.1.<\/strong> i Ljusa huset (Ilkkav\u00e4gen 4, Helsingfors). B\u00e5da dagarna s\u00e4nds ocks\u00e5 p\u00e5 Zoom.<\/p>\n<h3>Program<\/h3>\n<h4><strong>Fredag 24.1.\u00a0 <\/strong><\/h4>\n<p><strong>18.00<\/strong> Gemensam inledning, presentationsrunda och kaffe<strong><br \/>\n<\/strong><strong>18.30-20.00 Medlemsf\u00f6reningarnas framtid och st\u00e4rkande av deras verksamhet<br \/>\n<\/strong>M\u00e5let \u00e4r att diskutera hur vi kan st\u00e4rka f\u00f6reningarna och st\u00f6da deras h\u00e5llbara framtid.<br \/>\nTeman \u00e4r bland annat att locka nya medlemmar, f\u00f6rb\u00e4ttra kommunikationen och m\u00f6jligheter till lokalt samarbete.<\/p>\n<h4><strong>L\u00f6rdag 24.1.<\/strong><\/h4>\n<p><strong>9.00-9.15 F\u00f6reningsdagarna \u00f6ppnas<\/strong> <em>&#8211; <\/em>Jaana Aaltonen<br \/>\n<strong>9.15-10.15 Program och m\u00e5l f\u00f6r Finlands D\u00f6vas F\u00f6rbunds 120-\u00e5rsjubileum<br \/>\n<\/strong>\u00d6versikt \u00f6ver evenemang, m\u00e5ls\u00e4ttningar och kommunikationsprioriteringar, samt \u00f6ver m\u00f6jligheterna att i samarbete med f\u00f6reningarna arrangera program under jubileums\u00e5ret.<br \/>\n<strong>10.15-10.45 Den f\u00f6rsta sammanfattningen av strategiturn\u00e9n f\u00f6r strategin 2026-2030<br \/>\n<\/strong>Sammanfattning av de teman och prelimin\u00e4ra m\u00e5l som lyftes fram under strategiturn\u00e9n. Turn\u00e9n inleddes i oktober 2024, och Markku Jokinen presenterar dess viktigaste resultat och utkastet till de strategiska prioriteringarna. Medlemsf\u00f6reningarna kan p\u00e5verka dessa innan strategin antas av f\u00f6rbundsm\u00f6tet.<br \/>\n<strong>10.45-11.00 <\/strong>Paus<br \/>\n<strong>11.00-12.00 Inledning till arbetet i grupper: F\u00f6reningarnas syn p\u00e5 utkastet till strategi 2026-2030<br \/>\n<\/strong>Inledning till hur arbetsgrupperna kan utv\u00e4rdera strategiutkastet. M\u00e5let \u00e4r att f\u00f6reningsrepresentanterna f\u00e5r en m\u00f6jlighet att uttrycka sina \u00f6nskem\u00e5l, id\u00e9er och f\u00f6rslag till f\u00f6rb\u00e4ttringar innan strategin slutgiltigt antas.<br \/>\n<strong>12.00-12.45 <\/strong>Lunch<br \/>\n<strong>12.45-14.00 Arbete i grupper: synpunkter och f\u00f6rslag p\u00e5 utkastet till strategi<br \/>\n<\/strong>Arbetsgrupperna behandlar strategiutkastet och dess konsekvenser f\u00f6r teckenspr\u00e5ksgemenskapen som helhet. Grupperna diskuterar och ger feedback p\u00e5 hur strategins m\u00e5l och prioriteringar kan st\u00f6da medlemsf\u00f6reningarna, och samtidigt bidra till v\u00e4lbefinnandet av gemenskapen som helhet. Arbetsgrupperna diskuterar bl.a:<br \/>\n&#8211; Hur strategin kan tillgodose behoven hos hela den teckenspr\u00e5kiga gemenskapen?<br \/>\n&#8211; Vilka resurser och samarbetsformer beh\u00f6vs f\u00f6r att st\u00e4rka gemenskapen?<br \/>\n&#8211; Hur teckenspr\u00e5kigas r\u00e4ttigheter och tillg\u00e4nglighet b\u00e4ttre kan tillgodoses genom strategin?<br \/>\n<strong>14.00-14.15 <\/strong>Paus<br \/>\n<strong>14.15-15.00 Arbetsgruppernas slutresultat<br \/>\n<\/strong>Varje arbetsgrupp presenterar sina f\u00f6rslag och id\u00e9er f\u00f6r utveckling av strategiutkastet. Gemensam diskussion om hur m\u00e5len i utkastet kan st\u00f6dja utvecklingen av hela gemenskapen och fr\u00e4mja teckenspr\u00e5kigas r\u00e4ttigheter i Finland.<br \/>\n<strong>15.00-15.30 Avslutande kommentar och sammanfattning<\/strong> <em>&#8211; <\/em>Jaana Aaltonen<br \/>\nAvslutningskaffe<\/p>\n<h3>Anm\u00e4lan<\/h3>\n<p>Tv\u00e5 representanter per medlemsf\u00f6rening kan delta i f\u00f6reningsdagarna. Registrera er via det elektroniska anm\u00e4lningsformul\u00e4ret som deltagare antingen n\u00e4rvarande eller p\u00e5 distans. De som deltar p\u00e5 distans s\u00e4nds l\u00e4nken en halv timme innan f\u00f6reningsdagarna b\u00f6rjar.\u202f\u202fSista anm\u00e4lningsdagen \u00e4r <strong>15.1.2025<\/strong>\u202f.<\/p>\n<p>Anm\u00e4lningsl\u00e4nken: <a href=\"https:\/\/www.lyyti.in\/KLjarjestopaivat2025\">https:\/\/www.lyyti.in\/KLjarjestopaivat2025<\/a><\/p>\n<p>Distansdeltagare b\u00f6r ha den senaste versionen av Zoom (version 5.12.8 eller nyare) nedladdad p\u00e5 sin dator. Det h\u00e4r underl\u00e4ttar moderatorns arbete. Versionen kan laddas ner gratis.<br \/>\nMan kan ocks\u00e5 delta i m\u00f6tet via deltagarl\u00e4nken utan att ladda ner Zoom, men laddandet g\u00f6r att f\u00f6rbindelserna fungerar b\u00e4ttre.<\/p>\n<p>Teckenspr\u00e5kig instruktionsvideo om hur man laddar ner Zoom:\u202f <a href=\"https:\/\/www.youtube.com\/watch?v=trmdDH8gDkw\">https:\/\/www.youtube.com\/watch?v=trmdDH8gDkw\u202f\u202f<\/a><\/p>\n<p>Zoom kan laddas ner h\u00e4r: <a href=\"https:\/\/zoom.us\/download\">https:\/\/zoom.us\/download\u202f\u202f \u202f<\/a><\/p>\n<p>Om du beh\u00f6ver hj\u00e4lp med att delta p\u00e5 distans, v\u00e4nligen kontakta<strong> Iina Uhlenius<\/strong>, organisationssamordnare, i god tid: <a href=\"mailto:iina.uhlenius@kuurojenliitto.fi\">iina.uhlenius@kuurojenliitto.fi\u00a0\u00a0<\/a><\/p>\n<h3>Reseers\u00e4ttning<\/h3>\n<p>F\u00f6rbundet betalar <strong>rese- och matkostnaderna<\/strong> (inte \u00f6vernattning) f\u00f6r en representant fr\u00e5n varje medlemsf\u00f6rening som deltar i f\u00f6reningsdagarna. D\u00e4rut\u00f6ver kan f\u00f6reningarna om de vill skicka en andra representant <strong>p\u00e5 egen bekostnad.\u00a0<\/strong><\/p>\n<p>Finlands D\u00f6vas F\u00f6rbund bjuder alla anm\u00e4lda p\u00e5 v\u00e4lkomstkaffe p\u00e5 fredagen och avskedskaffe p\u00e5 l\u00f6rdagen.<\/p>\n<p>En l\u00e4nk till det elektroniska reser\u00e4kningsblanketten skickas efter f\u00f6reningsdagarna. Reseers\u00e4ttningen betalas ut i efterskott under april m\u00e5nad till det bankkonto som f\u00f6rbundets representant angett. Ers\u00e4ttningen kommer att ske i enlighet med kollektivtrafikens taxa. Till\u00e4ggsuppgifterna till reser\u00e4kningen ska skickas till <strong>Elina Pokki<\/strong> (<a href=\"mailto:elina.pokki@kuurojenliitto.fi\">elina.pokki@kuurojenliitto.fi<\/a>) <strong>senast 31.3.2025.<\/strong> OBS!: r\u00e4kningar som s\u00e4nts senare beaktas inte.<\/p>\n<h3>Boende<\/h3>\n<p>Var och en bokar och betalar sitt eget boende till exempel p\u00e5 Hotelli Haaga.<\/p>\n<p><strong>Varmt v\u00e4lkomna p\u00e5 f\u00f6reningsdagarna!\u00a0<\/strong><\/p>\n<\/div>\n                      <\/div>\n\n                      <aside class=\"c\">\n                              <div class=\"flex flex-col mt-4 mb-4\">\n                                                          <div class=\"flex flex-row bg-white shadow-xl hover:shadow-2xl h-full mb-4\">\n                                              <div class=\"w-full p-4\">\n                      \n                        <h2 class=\"pb-3 leading-tight heading-sm text-lg\">Direkts\u00e4ndning<\/h2>\n                        <div><p>Direkts\u00e4ndning \u00f6ppen f\u00f6r alla l\u00f6r 25.1. ca kl. 9\u201312 och kl. 14.10\u201315.30: <a href=\"http:\/\/www.kuurojenliitto.fi\/\">www.kuurojenliitto.fi<\/a><\/p>\n<p>Direkts\u00e4ndningen tolkas till finska.<\/p>\n<p>F\u00f6reningsdagarnas hashtag (#) \u00e4r: #KLjarjestopaivat2025<\/p>\n<\/div>\n                                                                                              <\/div>\n                    <\/div>\n                                  <\/div>\n              \n                            <div class=\"border-l-4 border-color pl-4 mb-8\">\n\n                                  <h3 class=\"heading-lg text-2xl mb-2\">Anm\u00e4lan till f\u00f6reningsdagarna:<\/h3>\n                \n                                  <p><a href=\"https:\/\/www.lyyti.in\/KLjarjestopaivat2025\">https:\/\/www.lyyti.in\/KLjarjestopaivat2025<\/a><\/p>\n<p><strong>F\u00f6reningsrummet p\u00e5 sociala medier:<\/strong><\/p>\n                \n                                  <nav class=\"flex flex-col mt-4\">\n                    \n                      \n                                              <a class=\"border-t border-gray-200 text-gray-100 py-2\"\n                           href=\"https:\/\/www.facebook.com\/KLyhdistyshuone\"\n                           target=\"_blank\"><i\n                            class=\"fal fa-angle-right fa-fw\"><\/i> F\u00f6reningsrummet i Facebook (p\u00e5 finska)                        <\/a>\n                      \n                                      <\/nav>\n                \n                              <\/div>\n              \n              \n            <\/aside>\n          \n\n      <\/div>\n    \n  \n<\/section>\n","protected":false},"excerpt":{"rendered":"<p>F\u00f6reningsdagarna arrangeras som ett hybridevenemang: ni kan delta antingen fysiskt p\u00e5 plats i Helsingfors eller p\u00e5 distans p\u00e5 webbplattformen Zoom.\u202f\u202f\u202f Kiinnit\u00e4 Kesto: 05:30 Ei tekstityst\u00e4 Kieli: Suomalainen viittomakieli F\u00f6reningsdagarna har tre aktuella teman: Medlemsf\u00f6reningarnas framtid&#8230;<\/p>\n","protected":false},"author":6,"featured_media":0,"parent":0,"menu_order":0,"comment_status":"closed","ping_status":"closed","template":"","meta":{"footnotes":""},"class_list":["post-7406","page","type-page","status-publish","hentry","px-4 sm:px-4 md:px-8 lg:px-12 xl:px-24"],"acf":[],"yoast_head":"<!-- This site is optimized with the Yoast SEO plugin v27.3 - https:\/\/yoast.com\/product\/yoast-seo-wordpress\/ -->\n<title>F\u00f6reningsdagarna 2025 - Yhdistyshuone<\/title>\n<meta name=\"robots\" content=\"index, follow, max-snippet:-1, max-image-preview:large, max-video-preview:-1\" \/>\n<link rel=\"canonical\" href=\"https:\/\/kuurojenliitto.fi\/yhdistyshuone\/sv\/foreningsdagarna-2025\/\" \/>\n<meta property=\"og:locale\" content=\"fi_FI\" \/>\n<meta property=\"og:type\" content=\"article\" \/>\n<meta property=\"og:title\" content=\"F\u00f6reningsdagarna 2025 - Yhdistyshuone\" \/>\n<meta property=\"og:description\" content=\"F\u00f6reningsdagarna arrangeras som ett hybridevenemang: ni kan delta antingen fysiskt p\u00e5 plats i Helsingfors eller p\u00e5 distans p\u00e5 webbplattformen Zoom.\u202f\u202f\u202f Kiinnit\u00e4 Kesto: 05:30 Ei tekstityst\u00e4 Kieli: Suomalainen viittomakieli F\u00f6reningsdagarna har tre aktuella teman: Medlemsf\u00f6reningarnas framtid...\" \/>\n<meta property=\"og:url\" content=\"https:\/\/kuurojenliitto.fi\/yhdistyshuone\/sv\/foreningsdagarna-2025\/\" \/>\n<meta property=\"og:site_name\" content=\"Yhdistyshuone\" \/>\n<meta property=\"article:modified_time\" content=\"2025-01-24T08:29:56+00:00\" \/>\n<meta name=\"twitter:card\" content=\"summary_large_image\" \/>\n<script type=\"application\/ld+json\" class=\"yoast-schema-graph\">{\"@context\":\"https:\\\/\\\/schema.org\",\"@graph\":[{\"@type\":\"WebPage\",\"@id\":\"https:\\\/\\\/kuurojenliitto.fi\\\/yhdistyshuone\\\/sv\\\/foreningsdagarna-2025\\\/\",\"url\":\"https:\\\/\\\/kuurojenliitto.fi\\\/yhdistyshuone\\\/sv\\\/foreningsdagarna-2025\\\/\",\"name\":\"F\u00f6reningsdagarna 2025 - Yhdistyshuone\",\"isPartOf\":{\"@id\":\"https:\\\/\\\/kuurojenliitto.fi\\\/yhdistyshuone\\\/#website\"},\"datePublished\":\"2024-11-13T14:58:16+00:00\",\"dateModified\":\"2025-01-24T08:29:56+00:00\",\"breadcrumb\":{\"@id\":\"https:\\\/\\\/kuurojenliitto.fi\\\/yhdistyshuone\\\/sv\\\/foreningsdagarna-2025\\\/#breadcrumb\"},\"inLanguage\":\"fi\",\"potentialAction\":[{\"@type\":\"ReadAction\",\"target\":[\"https:\\\/\\\/kuurojenliitto.fi\\\/yhdistyshuone\\\/sv\\\/foreningsdagarna-2025\\\/\"]}]},{\"@type\":\"BreadcrumbList\",\"@id\":\"https:\\\/\\\/kuurojenliitto.fi\\\/yhdistyshuone\\\/sv\\\/foreningsdagarna-2025\\\/#breadcrumb\",\"itemListElement\":[{\"@type\":\"ListItem\",\"position\":1,\"name\":\"Ing\u00e5ngssida\",\"item\":\"https:\\\/\\\/kuurojenliitto.fi\\\/yhdistyshuone\\\/\"},{\"@type\":\"ListItem\",\"position\":2,\"name\":\"F\u00f6reningsdagarna 2025\"}]},{\"@type\":\"WebSite\",\"@id\":\"https:\\\/\\\/kuurojenliitto.fi\\\/yhdistyshuone\\\/#website\",\"url\":\"https:\\\/\\\/kuurojenliitto.fi\\\/yhdistyshuone\\\/\",\"name\":\"Yhdistyshuone\",\"description\":\"Uusi Kuurojen Liitto-sivustot -sivusto\",\"potentialAction\":[{\"@type\":\"SearchAction\",\"target\":{\"@type\":\"EntryPoint\",\"urlTemplate\":\"https:\\\/\\\/kuurojenliitto.fi\\\/yhdistyshuone\\\/?s={search_term_string}\"},\"query-input\":{\"@type\":\"PropertyValueSpecification\",\"valueRequired\":true,\"valueName\":\"search_term_string\"}}],\"inLanguage\":\"fi\"}]}<\/script>\n<!-- \/ Yoast SEO plugin. -->","yoast_head_json":{"title":"F\u00f6reningsdagarna 2025 - Yhdistyshuone","robots":{"index":"index","follow":"follow","max-snippet":"max-snippet:-1","max-image-preview":"max-image-preview:large","max-video-preview":"max-video-preview:-1"},"canonical":"https:\/\/kuurojenliitto.fi\/yhdistyshuone\/sv\/foreningsdagarna-2025\/","og_locale":"fi_FI","og_type":"article","og_title":"F\u00f6reningsdagarna 2025 - Yhdistyshuone","og_description":"F\u00f6reningsdagarna arrangeras som ett hybridevenemang: ni kan delta antingen fysiskt p\u00e5 plats i Helsingfors eller p\u00e5 distans p\u00e5 webbplattformen Zoom.\u202f\u202f\u202f Kiinnit\u00e4 Kesto: 05:30 Ei tekstityst\u00e4 Kieli: Suomalainen viittomakieli F\u00f6reningsdagarna har tre aktuella teman: Medlemsf\u00f6reningarnas framtid...","og_url":"https:\/\/kuurojenliitto.fi\/yhdistyshuone\/sv\/foreningsdagarna-2025\/","og_site_name":"Yhdistyshuone","article_modified_time":"2025-01-24T08:29:56+00:00","twitter_card":"summary_large_image","schema":{"@context":"https:\/\/schema.org","@graph":[{"@type":"WebPage","@id":"https:\/\/kuurojenliitto.fi\/yhdistyshuone\/sv\/foreningsdagarna-2025\/","url":"https:\/\/kuurojenliitto.fi\/yhdistyshuone\/sv\/foreningsdagarna-2025\/","name":"F\u00f6reningsdagarna 2025 - Yhdistyshuone","isPartOf":{"@id":"https:\/\/kuurojenliitto.fi\/yhdistyshuone\/#website"},"datePublished":"2024-11-13T14:58:16+00:00","dateModified":"2025-01-24T08:29:56+00:00","breadcrumb":{"@id":"https:\/\/kuurojenliitto.fi\/yhdistyshuone\/sv\/foreningsdagarna-2025\/#breadcrumb"},"inLanguage":"fi","potentialAction":[{"@type":"ReadAction","target":["https:\/\/kuurojenliitto.fi\/yhdistyshuone\/sv\/foreningsdagarna-2025\/"]}]},{"@type":"BreadcrumbList","@id":"https:\/\/kuurojenliitto.fi\/yhdistyshuone\/sv\/foreningsdagarna-2025\/#breadcrumb","itemListElement":[{"@type":"ListItem","position":1,"name":"Ing\u00e5ngssida","item":"https:\/\/kuurojenliitto.fi\/yhdistyshuone\/"},{"@type":"ListItem","position":2,"name":"F\u00f6reningsdagarna 2025"}]},{"@type":"WebSite","@id":"https:\/\/kuurojenliitto.fi\/yhdistyshuone\/#website","url":"https:\/\/kuurojenliitto.fi\/yhdistyshuone\/","name":"Yhdistyshuone","description":"Uusi Kuurojen Liitto-sivustot -sivusto","potentialAction":[{"@type":"SearchAction","target":{"@type":"EntryPoint","urlTemplate":"https:\/\/kuurojenliitto.fi\/yhdistyshuone\/?s={search_term_string}"},"query-input":{"@type":"PropertyValueSpecification","valueRequired":true,"valueName":"search_term_string"}}],"inLanguage":"fi"}]}},"lang":"sv","translations":{"sv":7406,"fi":7384},"pll_sync_post":[],"_links":{"self":[{"href":"https:\/\/kuurojenliitto.fi\/yhdistyshuone\/wp-json\/wp\/v2\/pages\/7406","targetHints":{"allow":["GET"]}}],"collection":[{"href":"https:\/\/kuurojenliitto.fi\/yhdistyshuone\/wp-json\/wp\/v2\/pages"}],"about":[{"href":"https:\/\/kuurojenliitto.fi\/yhdistyshuone\/wp-json\/wp\/v2\/types\/page"}],"author":[{"embeddable":true,"href":"https:\/\/kuurojenliitto.fi\/yhdistyshuone\/wp-json\/wp\/v2\/users\/6"}],"replies":[{"embeddable":true,"href":"https:\/\/kuurojenliitto.fi\/yhdistyshuone\/wp-json\/wp\/v2\/comments?post=7406"}],"version-history":[{"count":8,"href":"https:\/\/kuurojenliitto.fi\/yhdistyshuone\/wp-json\/wp\/v2\/pages\/7406\/revisions"}],"predecessor-version":[{"id":7592,"href":"https:\/\/kuurojenliitto.fi\/yhdistyshuone\/wp-json\/wp\/v2\/pages\/7406\/revisions\/7592"}],"wp:attachment":[{"href":"https:\/\/kuurojenliitto.fi\/yhdistyshuone\/wp-json\/wp\/v2\/media?parent=7406"}],"curies":[{"name":"wp","href":"https:\/\/api.w.org\/{rel}","templated":true}]}}