{"id":27,"date":"2019-11-13T15:14:56","date_gmt":"2019-11-13T13:14:56","guid":{"rendered":"https:\/\/yhdistyshuone.kuurojenliitto.fi\/?page_id=27"},"modified":"2020-02-25T11:59:22","modified_gmt":"2020-02-25T09:59:22","slug":"jasenyhdistykset","status":"publish","type":"page","link":"https:\/\/kuurojenliitto.fi\/yhdistyshuone\/jasenyhdistykset\/","title":{"rendered":"J\u00e4senyhdistykset"},"content":{"rendered":"\n\n<section id=\"column-block_5dcc01b871477\" class=\"section-default ingress px-4 sm:px-4 md:px-8 lg:px-12 xl:px-24\">\n    <div class=\"flex pb-4\">\n                      <div class=\"w-full text-lg\">\n                  \n<table id=\"tablepress-9\" class=\"tablepress tablepress-id-9\">\n<thead>\n<tr class=\"row-1\">\n\t<th class=\"column-1\">KUUROJEN LIITON J\u00c4SENYHDISTYKSET 2026<\/th><td class=\"column-2\"><\/td><th class=\"column-3\">PERUSTETTU<\/th><th class=\"column-4\">J\u00c4SENM\u00c4\u00c4R\u00c4<\/th>\n<\/tr>\n<\/thead>\n<tbody class=\"row-striping row-hover\">\n<tr class=\"row-2\">\n\t<td class=\"column-1\">CODA-YHDISTYS RY<br \/>\n<a href=\"http:\/\/www.coda.fi\/\" rel=\"noopener noreferrer\" target=\"_blank\">Verkkosivu<\/a><\/td><td class=\"column-2\">1<\/td><td class=\"column-3\">1996<\/td><td class=\"column-4\">146<\/td>\n<\/tr>\n<tr class=\"row-3\">\n\t<td class=\"column-1\">BORG\u00c5 NEJDENS D\u00d6VA - PORVOON SEUDUN KUUROT RY<br \/>\n<\/td><td class=\"column-2\">1<\/td><td class=\"column-3\">1982<\/td><td class=\"column-4\">39<\/td>\n<\/tr>\n<tr class=\"row-4\">\n\t<td class=\"column-1\">ESPOON VIITTOMAKIELISET RY<br \/>\n<a href=\"https:\/\/www.facebook.com\/espoon.ry\" rel=\"noopener noreferrer\" target=\"_blank\">Facebook<\/a><\/td><td class=\"column-2\">1<\/td><td class=\"column-3\">1974<\/td><td class=\"column-4\">93<\/td>\n<\/tr>\n<tr class=\"row-5\">\n\t<td class=\"column-1\">ETEL\u00c4-KARJALAN KUUROT RY<br \/>\n<a href=\"https:\/\/www.facebook.com\/ekkuurot\/\" rel=\"noopener noreferrer\" target=\"_blank\">Facebook<\/a><\/td><td class=\"column-2\">1<\/td><td class=\"column-3\">1908<\/td><td class=\"column-4\">54<\/td>\n<\/tr>\n<tr class=\"row-6\">\n\t<td class=\"column-1\">ETEL\u00c4-POHJANMAAN VIITTOVAT RY<br \/>\r\n<a href=\"https:\/\/www.facebook.com\/Sein\u00e4joen-Seudun-Kuurot-ry-564476907054335\/\">Facebook<\/a><\/td><td class=\"column-2\">1<\/td><td class=\"column-3\">1929<\/td><td class=\"column-4\">64<\/td>\n<\/tr>\n<tr class=\"row-7\">\n\t<td class=\"column-1\">FINLANDSSVENSKA TECKENSPR\u00c5KIGA RF<br \/>\n<a href=\"http:\/\/www.dova.fi\" rel=\"noopener noreferrer\" target=\"_blank\">Verkkosivu<\/a><br \/>\n<a href=\"https:\/\/www.facebook.com\/fstdova\/\" rel=\"noopener noreferrer\" target=\"_blank\">Facebook<\/a><\/td><td class=\"column-2\">1<\/td><td class=\"column-3\">2002<\/td><td class=\"column-4\">152<\/td>\n<\/tr>\n<tr class=\"row-8\">\n\t<td class=\"column-1\">HELSINGIN KUUROJEN YHDISTYS  - HELSINGFORS D\u00d6VAS F\u00d6RENING RY<br \/>\n<a href=\"https:\/\/www.facebook.com\/helsinginkuurojenyhdistys\/\" rel=\"noopener noreferrer\" target=\"_blank\">Facebook<\/a><\/td><td class=\"column-2\">1<\/td><td class=\"column-3\">1895<\/td><td class=\"column-4\">286<\/td>\n<\/tr>\n<tr class=\"row-9\">\n\t<td class=\"column-1\">IT\u00c4-SAVON KUUROT RY<\/td><td class=\"column-2\">1<\/td><td class=\"column-3\">1945<\/td><td class=\"column-4\">12<\/td>\n<\/tr>\n<tr class=\"row-10\">\n\t<td class=\"column-1\">PIETARSAAREN SEUDUN KUUROT RY - JAKOBSTADS NEJDENS D\u00d6VA RF<\/td><td class=\"column-2\">1<\/td><td class=\"column-3\">1923<\/td><td class=\"column-4\">34<\/td>\n<\/tr>\n<tr class=\"row-11\">\n\t<td class=\"column-1\">JYV\u00c4SKYL\u00c4N KUUROJEN YHDISTYS RY<br \/>\n<a href=\"https:\/\/www.facebook.com\/jkyu1907\/?ref=br_rs\" rel=\"noopener noreferrer\" target=\"_blank\">Facebook<\/a><\/td><td class=\"column-2\">1<\/td><td class=\"column-3\">1907<\/td><td class=\"column-4\">104<\/td>\n<\/tr>\n<tr class=\"row-12\">\n\t<td class=\"column-1\">J\u00c4MS\u00c4NJOKILAAKSON KUUROT RY<br \/>\n<a href=\"http:\/\/J\u00e4ms\u00e4njokilaakson Kuurot ry-yhdistyshuone\" rel=\"noopener noreferrer\" target=\"_blank\">Facebook ryhm\u00e4<\/a><\/td><td class=\"column-2\">1<\/td><td class=\"column-3\">1981<\/td><td class=\"column-4\">32<\/td>\n<\/tr>\n<tr class=\"row-13\">\n\t<td class=\"column-1\">KANTA-H\u00c4MEEN VIITTOMAKIELISET RY<br \/>\n<a href=\"https:\/\/www.facebook.com\/hameenlinnan.kuurot\" rel=\"noopener noreferrer\" target=\"_blank\">Facebook<\/a><\/td><td class=\"column-2\">1<\/td><td class=\"column-3\">1924<\/td><td class=\"column-4\">34<\/td>\n<\/tr>\n<tr class=\"row-14\">\n\t<td class=\"column-1\">KESKI-UUDENMAAN KUUROT RY<br \/>\n<a href=\"https:\/\/www.facebook.com\/groups\/220809454724239\/about\/\" rel=\"noopener noreferrer\" target=\"_blank\">Facebook ryhm\u00e4<\/a><\/td><td class=\"column-2\">1<\/td><td class=\"column-3\">1941<\/td><td class=\"column-4\">26<\/td>\n<\/tr>\n<tr class=\"row-15\">\n\t<td class=\"column-1\">KOKKOLANSEUDUN VIITTOMAKIELISET RY<\/td><td class=\"column-2\">1<\/td><td class=\"column-3\">1929<\/td><td class=\"column-4\">14<\/td>\n<\/tr>\n<tr class=\"row-16\">\n\t<td class=\"column-1\">KOTKAN KUUROJEN YHDISTYS RY<br \/>\n<a href=\"https:\/\/www.facebook.com\/kotky.sihteeri\" rel=\"noopener noreferrer\" target=\"_blank\">Facebook<\/a><\/td><td class=\"column-2\">1<\/td><td class=\"column-3\">1907<\/td><td class=\"column-4\">29<\/td>\n<\/tr>\n<tr class=\"row-17\">\n\t<td class=\"column-1\">KOUVOLAN KUUROT RY<br \/>\n<a href=\"https:\/\/www.facebook.com\/groups\/316798701718\/about\/\" rel=\"noopener noreferrer\" target=\"_blank\">Facebook ryhm\u00e4<\/a><\/td><td class=\"column-2\">1<\/td><td class=\"column-3\">1949<\/td><td class=\"column-4\">26<\/td>\n<\/tr>\n<tr class=\"row-18\">\n\t<td class=\"column-1\">KUOPION KUUROJENYHDISTYS RY<br \/>\n<a href=\"https:\/\/www.facebook.com\/Kuopion-Kuurojenyhdistys-ry-263861483784667\/\" rel=\"noopener noreferrer\" target=\"_blank\">Facebook<\/a><\/td><td class=\"column-2\">1<\/td><td class=\"column-3\">1909<\/td><td class=\"column-4\">41<\/td>\n<\/tr>\n<tr class=\"row-19\">\n\t<td class=\"column-1\">KUUROJEN TAITEILIJAKILTA RY<br \/>\n<a href=\"https:\/\/taiteilijakilta.fi\/\" rel=\"noopener\" target=\"_blank\">Verkkosivu<\/a><\/td><td class=\"column-2\">1<\/td><td class=\"column-3\">2024<\/td><td class=\"column-4\">32<\/td>\n<\/tr>\n<tr class=\"row-20\">\n\t<td class=\"column-1\">LAHDEN KUUROJEN YHDISTYS RY<br \/>\n<a href=\"https:\/\/www.facebook.com\/lahdenkuurot\/\" rel=\"noopener noreferrer\" target=\"_blank\">Facebook<\/a><\/td><td class=\"column-2\">1<\/td><td class=\"column-3\">1930<\/td><td class=\"column-4\">64<\/td>\n<\/tr>\n<tr class=\"row-21\">\n\t<td class=\"column-1\">MIKKELIN KUUROJENYHDISTYS RY<br \/>\n<a href=\"https:\/\/www.facebook.com\/Mikkelin-Kuurojen-Yhdistys-ry-813396008700240\/?ref=br_rs\" rel=\"noopener noreferrer\" target=\"_blank\">Facebook<\/a><\/td><td class=\"column-2\">1<\/td><td class=\"column-3\">1937<\/td><td class=\"column-4\">29<\/td>\n<\/tr>\n<tr class=\"row-22\">\n\t<td class=\"column-1\">OULUN VIITTOMAKIELISET RY<br \/>\n<a href=\"https:\/\/www.facebook.com\/oulunkuurojenyhdistys\/\" rel=\"noopener noreferrer\" target=\"_blank\">Facebook<\/a><\/td><td class=\"column-2\">1<\/td><td class=\"column-3\">1932<\/td><td class=\"column-4\">81<\/td>\n<\/tr>\n<tr class=\"row-23\">\n\t<td class=\"column-1\">POHJOIS-KARJALAN KUUROT RY<br \/>\n<a href=\"https:\/\/www.facebook.com\/groups\/220348925999\/about\/\" rel=\"noopener noreferrer\" target=\"_blank\">Facebook ryhm\u00e4<\/a><\/td><td class=\"column-2\">1<\/td><td class=\"column-3\">1942<\/td><td class=\"column-4\">34<\/td>\n<\/tr>\n<tr class=\"row-24\">\n\t<td class=\"column-1\">PORIN KUUROJENYHDISTYS RY<br \/>\n<a href=\"https:\/\/www.facebook.com\/PorinKY\/\" rel=\"noopener noreferrer\" target=\"_blank\">Facebook<\/a><\/td><td class=\"column-2\">1<\/td><td class=\"column-3\">1924<\/td><td class=\"column-4\">48<\/td>\n<\/tr>\n<tr class=\"row-25\">\n\t<td class=\"column-1\">RAISION SEUDUN VIITTOMAKIELISET RY<br \/>\n<a href=\"http:\/\/www.raisvi.com\/\" rel=\"noopener noreferrer\" target=\"_blank\">Verkkosivu<\/a><br \/>\n<a href=\"https:\/\/www.facebook.com\/raisionseudunviittomakieliset\/\" rel=\"noopener noreferrer\" target=\"_blank\">Facebook<\/a><br \/>\n<\/td><td class=\"column-2\">1<\/td><td class=\"column-3\">2005<\/td><td class=\"column-4\">50<\/td>\n<\/tr>\n<tr class=\"row-26\">\n\t<td class=\"column-1\">RAUMAN SEUDUN KUUROT RY<\/td><td class=\"column-2\">1<\/td><td class=\"column-3\">1941<\/td><td class=\"column-4\">25<\/td>\n<\/tr>\n<tr class=\"row-27\">\n\t<td class=\"column-1\">ROVANIEMEN VIITTOMAKIELISET RY<\/td><td class=\"column-2\">1<\/td><td class=\"column-3\">1949<\/td><td class=\"column-4\">20<\/td>\n<\/tr>\n<tr class=\"row-28\">\n\t<td class=\"column-1\">SUOMEN KUUROJEN URHEILULIITTO RY<br \/>\n<a href=\"https:\/\/www.skul.org\/\" rel=\"noopener noreferrer\" target=\"_blank\">Verkkosivu<\/a><br \/>\n\u200b<a href=\"https:\/\/www.facebook.com\/suomenkuurojenurheiluliitto\/\" rel=\"noopener noreferrer\" target=\"_blank\">Facebook<\/a><\/td><td class=\"column-2\">1<\/td><td class=\"column-3\">1920<\/td><td class=\"column-4\">1014<\/td>\n<\/tr>\n<tr class=\"row-29\">\n\t<td class=\"column-1\">TAMMERSIGN RY<br \/>\n<a href=\"https:\/\/www.facebook.com\/TammersignRy\" rel=\"noopener noreferrer\" target=\"_blank\">Facebook<\/a><br \/>\n<a href=\"https:\/\/tammersign.yhdistysavain.fi\/\" rel=\"noopener\" target=\"_blank\">Verkkosivut<\/a><br \/>\n<a href=\"https:\/\/www.instagram.com\/tammersign\" rel=\"noopener\" target=\"_blank\">Instagram<\/a><\/td><td class=\"column-2\">1<\/td><td class=\"column-3\">2009<\/td><td class=\"column-4\">77<\/td>\n<\/tr>\n<tr class=\"row-30\">\n\t<td class=\"column-1\">TAMPEREEN VIITTOMAKIELISET RY<br \/>\n<a href=\"https:\/\/www.facebook.com\/tampereenviittomakieliset\/\" rel=\"noopener noreferrer\" target=\"_blank\">Facebook<\/a><br \/>\n<a href=\"https:\/\/tampereenviittomakieliset.yhdistysavain.fi\/\" rel=\"noopener\" target=\"_blank\">Verkkosivut<\/a><\/td><td class=\"column-2\">1<\/td><td class=\"column-3\">1898<\/td><td class=\"column-4\">92<\/td>\n<\/tr>\n<tr class=\"row-31\">\n\t<td class=\"column-1\">TURUN KUUROJEN YHDISTYS RY - \u00c5BO D\u00d6VAS F\u00d6RENING RF<br \/>\n<a href=\"https:\/\/www.turkudeaf.fi\/\" rel=\"noopener noreferrer\" target=\"_blank\">Verkkosivu<\/a><br \/>\n<a href=\"https:\/\/www.facebook.com\/turun.kuurojenyhdistys\" rel=\"noopener noreferrer\" target=\"_blank\">Facebook<\/a><\/td><td class=\"column-2\">1<\/td><td class=\"column-3\">1886<\/td><td class=\"column-4\">260<\/td>\n<\/tr>\n<tr class=\"row-32\">\n\t<td class=\"column-1\">UUDENKAUPUNGIN SEUDUN KUUROT RY<\/td><td class=\"column-2\">1<\/td><td class=\"column-3\">1949<\/td><td class=\"column-4\">28<\/td>\n<\/tr>\n<tr class=\"row-33\">\n\t<td class=\"column-1\">VAASAN KUUROJEN YHDISTYS RY - VASA D\u00d6VAS F\u00d6RENING RF<br \/>\n<a href=\"https:\/\/www.facebook.com\/Vaasan-Kuurojen-Yhdistys-ry-Vasa-D%C3%B6vas-F%C3%B6rening-rf-414402342019521\/\" rel=\"noopener noreferrer\" target=\"_blank\">Facebook<\/a><\/td><td class=\"column-2\">1<\/td><td class=\"column-3\">1897<\/td><td class=\"column-4\">55<\/td>\n<\/tr>\n<tr class=\"row-34\">\n\t<td class=\"column-1\">VANTAAN KUUROT - VANDA D\u00d6VA RY<br \/>\n<a href=\"https:\/\/www.facebook.com\/groups\/vantaankuurot\/\" rel=\"noopener noreferrer\" target=\"_blank\">Facebook<\/a><\/td><td class=\"column-2\">1<\/td><td class=\"column-3\">1979<\/td><td class=\"column-4\">108<\/td>\n<\/tr>\n<tr class=\"row-35\">\n\t<td class=\"column-1\">VIITO! RY<br \/>\n<a href=\"https:\/\/viito.wordpress.com\/\" rel=\"noopener noreferrer\" target=\"_blank\">Verkkosivu<\/a><br \/>\n<a href=\"https:\/\/www.facebook.com\/viitoviitory\/\" rel=\"noopener noreferrer\" target=\"_blank\">Facebook<\/a><\/td><td class=\"column-2\">1<\/td><td class=\"column-3\">2006<\/td><td class=\"column-4\">58<\/td>\n<\/tr>\n<tr class=\"row-36\">\n\t<td class=\"column-1\">VIITTOVAT PERHEET RY<br \/>\n<a href=\"https:\/\/www.facebook.com\/groups\/714124198630314\/\" rel=\"noopener noreferrer\" target=\"_blank\">Facebook ryhm\u00e4<\/a><\/td><td class=\"column-2\">1<\/td><td class=\"column-3\">2004<\/td><td class=\"column-4\">51<\/td>\n<\/tr>\n<tr class=\"row-37\">\n\t<td class=\"column-1\">WOIKKIKSEN VIITTOMAKIELISET RY<br \/>\n<a href=\"https:\/\/www.facebook.com\/groups\/68439541755\/\" rel=\"noopener noreferrer\" target=\"_blank\">Facebook ryhm\u00e4<\/a><\/td><td class=\"column-2\">1<\/td><td class=\"column-3\">2004<\/td><td class=\"column-4\">18<\/td>\n<\/tr>\n<\/tbody>\n<tfoot>\n<tr class=\"row-38\">\n\t<th class=\"column-1\">YHDISTYKSI\u00c4 YHTEENS\u00c4<\/th><th class=\"column-2\">36<\/th><th class=\"column-3\">J\u00c4SENI\u00c4<\/th><td class=\"column-4\"><\/td>\n<\/tr>\n<\/tfoot>\n<\/table>\n<!-- #tablepress-9 from cache -->\n        <\/div>\n            \n    <\/div>\n\n<\/section>\n","protected":false},"excerpt":{"rendered":"<p>KUUROJEN LIITON J\u00c4SENYHDISTYKSET 2026PERUSTETTUJ\u00c4SENM\u00c4\u00c4R\u00c4 CODA-YHDISTYS RY <a href=\"http:\/\/www.coda.fi\/\" rel=\"noopener noreferrer\" target=\"_blank\">Verkkosivu<\/a> 11996146 BORG\u00c5 NEJDENS D\u00d6VA &#8211; PORVOON SEUDUN KUUROT RY 1198239 ESPOON VIITTOMAKIELISET RY <a href=\"https:\/\/www.facebook.com\/espoon.ry\" rel=\"noopener noreferrer\" target=\"_blank\">Facebook<\/a> 1197493 ETEL\u00c4-KARJALAN KUUROT RY <a href=\"https:\/\/www.facebook.com\/ekkuurot\/\" rel=\"noopener noreferrer\" target=\"_blank\">Facebook<\/a> 1190854 ETEL\u00c4-POHJANMAAN VIITTOVAT RY <a href=\"https:\/\/www.facebook.com\/Sein\u00e4joen-Seudun-Kuurot-ry-564476907054335\/\">Facebook<\/a> 1192964 FINLANDSSVENSKA TECKENSPR\u00c5KIGA RF <a href=\"http:\/\/www.dova.fi\" rel=\"noopener noreferrer\" target=\"_blank\">Verkkosivu<\/a> <a href=\"https:\/\/www.facebook.com\/fstdova\/\" rel=\"noopener noreferrer\" target=\"_blank\">Facebook<\/a> 12002152 HELSINGIN KUUROJEN YHDISTYS&#8230;<\/p>\n","protected":false},"author":6,"featured_media":0,"parent":0,"menu_order":0,"comment_status":"closed","ping_status":"closed","template":"","meta":{"footnotes":""},"class_list":["post-27","page","type-page","status-publish","hentry","px-4 sm:px-4 md:px-8 lg:px-12 xl:px-24"],"acf":[],"yoast_head":"<!-- This site is optimized with the Yoast SEO plugin v27.3 - https:\/\/yoast.com\/product\/yoast-seo-wordpress\/ -->\n<title>J\u00e4senyhdistykset - Yhdistyshuone<\/title>\n<meta name=\"robots\" content=\"index, follow, max-snippet:-1, max-image-preview:large, max-video-preview:-1\" \/>\n<link rel=\"canonical\" href=\"https:\/\/kuurojenliitto.fi\/yhdistyshuone\/jasenyhdistykset\/\" \/>\n<meta property=\"og:locale\" content=\"fi_FI\" \/>\n<meta property=\"og:type\" content=\"article\" \/>\n<meta property=\"og:title\" content=\"J\u00e4senyhdistykset - Yhdistyshuone\" \/>\n<meta property=\"og:description\" content=\"KUUROJEN LIITON J\u00c4SENYHDISTYKSET 2026PERUSTETTUJ\u00c4SENM\u00c4\u00c4R\u00c4 CODA-YHDISTYS RY Verkkosivu 11996146 BORG\u00c5 NEJDENS D\u00d6VA - PORVOON SEUDUN KUUROT RY 1198239 ESPOON VIITTOMAKIELISET RY Facebook 1197493 ETEL\u00c4-KARJALAN KUUROT RY Facebook 1190854 ETEL\u00c4-POHJANMAAN VIITTOVAT RY Facebook 1192964 FINLANDSSVENSKA TECKENSPR\u00c5KIGA RF Verkkosivu Facebook 12002152 HELSINGIN KUUROJEN YHDISTYS...\" \/>\n<meta property=\"og:url\" content=\"https:\/\/kuurojenliitto.fi\/yhdistyshuone\/jasenyhdistykset\/\" \/>\n<meta property=\"og:site_name\" content=\"Yhdistyshuone\" \/>\n<meta property=\"article:modified_time\" content=\"2020-02-25T09:59:22+00:00\" \/>\n<meta name=\"twitter:card\" content=\"summary_large_image\" \/>\n<script type=\"application\/ld+json\" class=\"yoast-schema-graph\">{\"@context\":\"https:\\\/\\\/schema.org\",\"@graph\":[{\"@type\":\"WebPage\",\"@id\":\"https:\\\/\\\/kuurojenliitto.fi\\\/yhdistyshuone\\\/jasenyhdistykset\\\/\",\"url\":\"https:\\\/\\\/kuurojenliitto.fi\\\/yhdistyshuone\\\/jasenyhdistykset\\\/\",\"name\":\"J\u00e4senyhdistykset - Yhdistyshuone\",\"isPartOf\":{\"@id\":\"https:\\\/\\\/kuurojenliitto.fi\\\/yhdistyshuone\\\/#website\"},\"datePublished\":\"2019-11-13T13:14:56+00:00\",\"dateModified\":\"2020-02-25T09:59:22+00:00\",\"breadcrumb\":{\"@id\":\"https:\\\/\\\/kuurojenliitto.fi\\\/yhdistyshuone\\\/jasenyhdistykset\\\/#breadcrumb\"},\"inLanguage\":\"fi\",\"potentialAction\":[{\"@type\":\"ReadAction\",\"target\":[\"https:\\\/\\\/kuurojenliitto.fi\\\/yhdistyshuone\\\/jasenyhdistykset\\\/\"]}]},{\"@type\":\"BreadcrumbList\",\"@id\":\"https:\\\/\\\/kuurojenliitto.fi\\\/yhdistyshuone\\\/jasenyhdistykset\\\/#breadcrumb\",\"itemListElement\":[{\"@type\":\"ListItem\",\"position\":1,\"name\":\"Ing\u00e5ngssida\",\"item\":\"https:\\\/\\\/kuurojenliitto.fi\\\/yhdistyshuone\\\/\"},{\"@type\":\"ListItem\",\"position\":2,\"name\":\"J\u00e4senyhdistykset\"}]},{\"@type\":\"WebSite\",\"@id\":\"https:\\\/\\\/kuurojenliitto.fi\\\/yhdistyshuone\\\/#website\",\"url\":\"https:\\\/\\\/kuurojenliitto.fi\\\/yhdistyshuone\\\/\",\"name\":\"Yhdistyshuone\",\"description\":\"Uusi Kuurojen Liitto-sivustot -sivusto\",\"potentialAction\":[{\"@type\":\"SearchAction\",\"target\":{\"@type\":\"EntryPoint\",\"urlTemplate\":\"https:\\\/\\\/kuurojenliitto.fi\\\/yhdistyshuone\\\/?s={search_term_string}\"},\"query-input\":{\"@type\":\"PropertyValueSpecification\",\"valueRequired\":true,\"valueName\":\"search_term_string\"}}],\"inLanguage\":\"fi\"}]}<\/script>\n<!-- \/ Yoast SEO plugin. -->","yoast_head_json":{"title":"J\u00e4senyhdistykset - Yhdistyshuone","robots":{"index":"index","follow":"follow","max-snippet":"max-snippet:-1","max-image-preview":"max-image-preview:large","max-video-preview":"max-video-preview:-1"},"canonical":"https:\/\/kuurojenliitto.fi\/yhdistyshuone\/jasenyhdistykset\/","og_locale":"fi_FI","og_type":"article","og_title":"J\u00e4senyhdistykset - Yhdistyshuone","og_description":"KUUROJEN LIITON J\u00c4SENYHDISTYKSET 2026PERUSTETTUJ\u00c4SENM\u00c4\u00c4R\u00c4 CODA-YHDISTYS RY Verkkosivu 11996146 BORG\u00c5 NEJDENS D\u00d6VA - PORVOON SEUDUN KUUROT RY 1198239 ESPOON VIITTOMAKIELISET RY Facebook 1197493 ETEL\u00c4-KARJALAN KUUROT RY Facebook 1190854 ETEL\u00c4-POHJANMAAN VIITTOVAT RY Facebook 1192964 FINLANDSSVENSKA TECKENSPR\u00c5KIGA RF Verkkosivu Facebook 12002152 HELSINGIN KUUROJEN YHDISTYS...","og_url":"https:\/\/kuurojenliitto.fi\/yhdistyshuone\/jasenyhdistykset\/","og_site_name":"Yhdistyshuone","article_modified_time":"2020-02-25T09:59:22+00:00","twitter_card":"summary_large_image","schema":{"@context":"https:\/\/schema.org","@graph":[{"@type":"WebPage","@id":"https:\/\/kuurojenliitto.fi\/yhdistyshuone\/jasenyhdistykset\/","url":"https:\/\/kuurojenliitto.fi\/yhdistyshuone\/jasenyhdistykset\/","name":"J\u00e4senyhdistykset - Yhdistyshuone","isPartOf":{"@id":"https:\/\/kuurojenliitto.fi\/yhdistyshuone\/#website"},"datePublished":"2019-11-13T13:14:56+00:00","dateModified":"2020-02-25T09:59:22+00:00","breadcrumb":{"@id":"https:\/\/kuurojenliitto.fi\/yhdistyshuone\/jasenyhdistykset\/#breadcrumb"},"inLanguage":"fi","potentialAction":[{"@type":"ReadAction","target":["https:\/\/kuurojenliitto.fi\/yhdistyshuone\/jasenyhdistykset\/"]}]},{"@type":"BreadcrumbList","@id":"https:\/\/kuurojenliitto.fi\/yhdistyshuone\/jasenyhdistykset\/#breadcrumb","itemListElement":[{"@type":"ListItem","position":1,"name":"Ing\u00e5ngssida","item":"https:\/\/kuurojenliitto.fi\/yhdistyshuone\/"},{"@type":"ListItem","position":2,"name":"J\u00e4senyhdistykset"}]},{"@type":"WebSite","@id":"https:\/\/kuurojenliitto.fi\/yhdistyshuone\/#website","url":"https:\/\/kuurojenliitto.fi\/yhdistyshuone\/","name":"Yhdistyshuone","description":"Uusi Kuurojen Liitto-sivustot -sivusto","potentialAction":[{"@type":"SearchAction","target":{"@type":"EntryPoint","urlTemplate":"https:\/\/kuurojenliitto.fi\/yhdistyshuone\/?s={search_term_string}"},"query-input":{"@type":"PropertyValueSpecification","valueRequired":true,"valueName":"search_term_string"}}],"inLanguage":"fi"}]}},"lang":"fi","translations":{"fi":27,"sv":1062},"pll_sync_post":[],"_links":{"self":[{"href":"https:\/\/kuurojenliitto.fi\/yhdistyshuone\/wp-json\/wp\/v2\/pages\/27","targetHints":{"allow":["GET"]}}],"collection":[{"href":"https:\/\/kuurojenliitto.fi\/yhdistyshuone\/wp-json\/wp\/v2\/pages"}],"about":[{"href":"https:\/\/kuurojenliitto.fi\/yhdistyshuone\/wp-json\/wp\/v2\/types\/page"}],"author":[{"embeddable":true,"href":"https:\/\/kuurojenliitto.fi\/yhdistyshuone\/wp-json\/wp\/v2\/users\/6"}],"replies":[{"embeddable":true,"href":"https:\/\/kuurojenliitto.fi\/yhdistyshuone\/wp-json\/wp\/v2\/comments?post=27"}],"version-history":[{"count":5,"href":"https:\/\/kuurojenliitto.fi\/yhdistyshuone\/wp-json\/wp\/v2\/pages\/27\/revisions"}],"predecessor-version":[{"id":1059,"href":"https:\/\/kuurojenliitto.fi\/yhdistyshuone\/wp-json\/wp\/v2\/pages\/27\/revisions\/1059"}],"wp:attachment":[{"href":"https:\/\/kuurojenliitto.fi\/yhdistyshuone\/wp-json\/wp\/v2\/media?parent=27"}],"curies":[{"name":"wp","href":"https:\/\/api.w.org\/{rel}","templated":true}]}}