{"id":2651,"date":"2020-12-18T14:18:41","date_gmt":"2020-12-18T12:18:41","guid":{"rendered":"https:\/\/kuurojenliitto.fi\/yhdistyshuone\/?page_id=2651"},"modified":"2021-02-03T17:18:54","modified_gmt":"2021-02-03T15:18:54","slug":"foreningsdagarna-2021","status":"publish","type":"page","link":"https:\/\/kuurojenliitto.fi\/yhdistyshuone\/sv\/foreningsdagarna-2021\/","title":{"rendered":"F\u00f6reningsdagarna 2021"},"content":{"rendered":"\n\n<section id=\"column-block_5dd522b1b170f\" class=\"section-default ingress px-4 sm:px-4 md:px-8 lg:px-12 xl:px-24\">\n    <div class=\"flex pb-4\">\n                      <div class=\"w-full text-lg\">\n                  <p>F\u00f6reningsdagarna ordnas helt p\u00e5 distans via n\u00e4tplattformen Zoom.<\/p>\n        <\/div>\n            \n    <\/div>\n\n<\/section>\n\n\n\n<section id=\"column-block_5e2ab6feba339\" class=\"px-4 sm:px-4 md:px-8 lg:px-12 xl:px-24 section-default \">\n\n            <div class=\"relative py-4 gridder\">\n                        <div id=\"stickier\" class=\"b z-10 flex flex-row flex-wrap  mb-6 top-0 relative\">\n\n          <div class=\"x-tabs w-full\" x-data=\"{ activeTab: 0 }\">\n                    <div :class=\"{ 'hidden': activeTab !== 0 }\" tabindex=\"0\" role=\"tabpanel\" id=\"tab-0\" aria-labelledby=\"label-0\" class=\"bg-white\">\n                            \n    <figure class=\"relative\">\n      <img decoding=\"async\" src=\"https:\/\/kuurojenliitto.fi\/yhdistyshuone\/wp-content\/uploads\/sites\/11\/2021\/02\/foreningsdagarna-2021-1280x720-1-1280x720.jpg\" alt=\"\">\n    <\/figure>\n                                        <\/div>\n                                <\/div>\n\n                              <\/div>\n        \n          <div class=\"content entry-content bg-white p-8 lg:pr-20 a lg:mr-12 mb-3 shadow-xl hover:shadow-2xl\">\n            <div class=\"field field-name-body field-type-text-with-summary field-label-hidden\">\n<p><strong>* EDIT 13.1! P\u00e5 grund av coronasituationen ordnas F\u00f6reningsdagarna enbart som distansevenemang. *<\/strong><\/p>\n<p>Utg\u00e5ende fr\u00e5n medlemsf\u00f6reningarnas \u00f6nskem\u00e5l valdes tv\u00e5 huvudteman: <strong>coronavirusets inverkan p\u00e5 f\u00f6reningsverksamheten och f\u00f6rankrandet av f\u00f6rbundets strategiska m\u00e5l f\u00f6r \u00e5ren 2021\u00ad-2025.<\/strong><\/p>\n<h2><strong>Tidtabell<\/strong><\/h2>\n<ul>\n<li>Fredag 5.2 kl. 18-20<\/li>\n<li>L\u00f6rdag 6.2 kl. 10-15 (lunchpaus 12-13)<\/li>\n<\/ul>\n<p>P\u00e5 eftermiddagens f\u00f6reningsforum har f\u00f6reningarna m\u00f6jlighet att informera om sina egna evenemang eller andra saker. V\u00e4nligen f\u00f6rbered p\u00e5 f\u00f6rhand det ni eventuellt vill dela med de andra. P\u00e5 f\u00f6reningsforumet kan ni informera antingen p\u00e5 plats eller genom att p\u00e5 f\u00f6rhand skicka in en redigerad video (l\u00e4ngd: max 2 minuter)<\/p>\n<p>N\u00e4rmare program kommer i F\u00f6reningsrummet i januari.<\/p>\n<h2>Anm\u00e4lning<\/h2>\n<p>Anm\u00e4lning till f\u00f6reningsdagarna g\u00f6rs elektroniskt senast 1.2 via l\u00e4nken <a href=\"https:\/\/www.lyyti.fi\/reg\/kljarjestopaivat2021\"><strong>F\u00f6reningsdagarna 2021<\/strong><\/a>.<\/p>\n<p><strong>Till distansdeltagare: <\/strong><\/p>\n<p>Tv\u00e5 delegater \/ medlemsf\u00f6rening kan delta i f\u00f6reningsdagarna.<\/p>\n<p>Distansdeltagarna ska se till att p\u00e5 sin maskin ha den nyaste versionen av Zoom nedladdad (version 5.4. eller nyare). Detta underl\u00e4ttar moderatorns arbete. Man f\u00e5r ladda ned programmet gratis.<\/p>\n<p>Det g\u00e5r att delta i m\u00f6tet ocks\u00e5 utan att ladda ned programmet men nedladdningen g\u00f6r att f\u00f6rbindelserna fungerar b\u00e4ttre.<\/p>\n<p>Finlands D\u00f6vas F\u00f6rbunds regionpersonal fungerar som st\u00f6d f\u00f6r distansdeltagarna b\u00e5de f\u00f6re och under f\u00f6reningsdagarna.<\/p>\n<p><strong>Varmt v\u00e4lkommen till f\u00f6reningsdagarna p\u00e5 distans! <\/strong><\/p>\n<p><strong>\u00a0<\/strong><\/p>\n<\/div>\n                      <\/div>\n\n                      <aside class=\"c\">\n                              <div class=\"flex flex-col mt-4 mb-4\">\n                                                          <div class=\"flex flex-row bg-white shadow-xl hover:shadow-2xl h-full mb-4\">\n                                              <div class=\"w-full p-4\">\n                      \n                        <h2 class=\"pb-3 leading-tight heading-sm text-lg\">Info<\/h2>\n                        <div><p>Direkts\u00e4ndning<\/p>\n<p>Direkts\u00e4ndning \u00f6ppen f\u00f6r alla fre 5.2 kl. 18-19 samt l\u00f6r\u00a06.2 kl. 10-12 och 13-15 p\u00e5 adressen: <a href=\"http:\/\/www.kuurojenliitto.fi\">www.kuurojenliitto.fi<\/a><\/p>\n<p>Direkts\u00e4ndningen tolkas till finska.<\/p>\n<p>F\u00f6reningsdagarnas hashtag (#) \u00e4r: #KLjarjestopaivat2021<\/p>\n<p>&nbsp;<\/p>\n<\/div>\n                                                                                              <\/div>\n                    <\/div>\n                                  <\/div>\n              \n                            <div class=\"border-l-4 border-color pl-4 mb-8\">\n\n                                  <h3 class=\"heading-lg text-2xl mb-2\">L\u00e4nkar<\/h3>\n                \n                \n                                  <nav class=\"flex flex-col mt-4\">\n                    \n                      \n                                              <a class=\"border-t border-gray-200 text-gray-100 py-2\"\n                           href=\"https:\/\/www.lyyti.fi\/reg\/kljarjestopaivat2021\"\n                           target=\"_blank\"><i\n                            class=\"fal fa-angle-right fa-fw\"><\/i> ANM\u00c4LNING                        <\/a>\n                      \n                    \n                      \n                                              <a class=\"border-t border-gray-200 text-gray-100 py-2\"\n                           href=\"https:\/\/www.facebook.com\/KLyhdistyshuone\"\n                           target=\"_blank\"><i\n                            class=\"fal fa-angle-right fa-fw\"><\/i> Yhdistyshuone p\u00e5 Facebook                        <\/a>\n                      \n                    \n                      \n                                              <a class=\"border-t border-gray-200 text-gray-100 py-2\"\n                           href=\"https:\/\/kuurojenliitto.fi\/sv\/strategiska-mal-2021-2025\/\"\n                           target=\"_blank\"><i\n                            class=\"fal fa-angle-right fa-fw\"><\/i> Finlands D\u00f6vas F\u00f6rbunds strategiska m\u00e5l 2021-2025                        <\/a>\n                      \n                                      <\/nav>\n                \n                                  <nav class=\"flex flex-col\">\n                    \n                      \n                                              <a class=\"border-t border-gray-200 py-2\"\n                           href=\"https:\/\/kuurojenliitto.fi\/yhdistyshuone\/wp-content\/uploads\/sites\/11\/2021\/02\/Foreningsdagar-2021-program.pdf\"><i\n                            class=\"fa fa-file fa-fw\"><\/i> PROGRAM                        <\/a>\n                      \n                                      <\/nav>\n                              <\/div>\n              \n              \n                                  <h3 class=\"heading-lg text-2xl mb-4\">Ytterligare information<\/h3>\n                \n                                    <div class=\"flex flex-row-reverse flex-wrap bg-white shadow-xl hover:shadow-2xl p-4 mb-3\">\n\n    <div class=\"w-1\/4 text-right\">\n    <figure class=\"entry-image overflow-hidden\">\n      <img loading=\"lazy\" decoding=\"async\" width=\"800\" height=\"800\" src=\"https:\/\/kuurojenliitto.fi\/yhdistyshuone\/wp-content\/uploads\/sites\/11\/2020\/03\/2022_08-Elina-Pokki-1-e1662114385403-800x800.jpg\" class=\"w-full object-fit\" alt=\"\" srcset=\"https:\/\/kuurojenliitto.fi\/yhdistyshuone\/wp-content\/uploads\/sites\/11\/2020\/03\/2022_08-Elina-Pokki-1-e1662114385403-800x800.jpg 800w, https:\/\/kuurojenliitto.fi\/yhdistyshuone\/wp-content\/uploads\/sites\/11\/2020\/03\/2022_08-Elina-Pokki-1-e1662114385403-768x769.jpg 768w, https:\/\/kuurojenliitto.fi\/yhdistyshuone\/wp-content\/uploads\/sites\/11\/2020\/03\/2022_08-Elina-Pokki-1-e1662114385403.jpg 1080w\" sizes=\"auto, (max-width: 800px) 100vw, 800px\" \/>    <\/figure><!-- .entry-header -->\n  <\/div>\n  <div class=\"entry-content w-3\/4 pr-4\">\n    <h3 class=\"mb-0 text-lg\">\n      <a href=\"https:\/\/kuurojenliitto.fi\/yhdistyshuone\/sv\/person\/elina-pokki\/\">Elina Pokki<\/a>\n    <\/h3>\n    <div class=\"mb-4 mt-0\">\n              <span class=\"text-gray-900 text-sm\">\n                          Verksamhetsledarens assistent                      <\/span>\n                <\/div>\n    <div class=\"flex flex-col text-gray-600 mt-1 text-sm items-start\">\n              <div class=\"flex flex-row-reverse\">\n          <div class=\"ml-2 text-xs\">\n                                                  <span class=\"sr-only\">Henkil\u00f6 ei ota vastaan puheluja<\/span>\n              <i class=\"sr-hide fas fa-fw fa-phone-slash mr-1\"><\/i>\n                                      <span class=\"sr-only\">Henkil\u00f6 ottaa vastaan tekstiviestej\u00e4<\/span>\n              <i class=\"sr-hide fas fa-fw fa-sms mr-1\"><\/i>\n                                      <span class=\"sr-only\">Henkil\u00f6 ottaa vastaan WhatsApp-viestej\u00e4, videoviestej\u00e4 ja videopuheluja<\/span>\n              <i class=\"sr-hide fab fa-fw fa-whatsapp mr-1\"><\/i>\n                                  <\/div>\n          <div><span class=\"sr-only\">Puhelinnumero: <\/span><a href=\"tel:+358 40 738 5089\"> +358 40 738 5089<\/a><\/div>\n        <\/div>\n\n                    <div><span class=\"sr-only\"><\/span><a\n            href=\"mailto:elina.pokki@kuurojenliitto.fi\">elina.pokki@kuurojenliitto.fi<\/a><\/div>\n                <\/div>\n\n      <\/div><!-- .entry-content -->\n        <div class=\"w-full mt-2 text-xs\">\n      <span class=\"sr-only\">Henkil\u00f6n vastuualue<\/span>\n              <a href=\"https:\/\/kuurojenliitto.fi\/yhdistyshuone\/sv\/ansvarsomr%C3%A5de\/styrelsens-sekreterare\/\">\n          <span class=\"bg-light py-px px-1 text-dark inline-block mr-1 mb-1\">\n            Styrelsens sekreterare          <\/span>\n        <\/a>\n          <\/div>\n  \n<\/div>\n                              \n            <\/aside>\n          \n\n      <\/div>\n    \n  \n<\/section>\n\n\n\n<p><\/p>\n","protected":false},"excerpt":{"rendered":"<p>F\u00f6reningsdagarna ordnas helt p\u00e5 distans via n\u00e4tplattformen Zoom. * EDIT 13.1! P\u00e5 grund av coronasituationen ordnas F\u00f6reningsdagarna enbart som distansevenemang. * Utg\u00e5ende fr\u00e5n medlemsf\u00f6reningarnas \u00f6nskem\u00e5l valdes tv\u00e5 huvudteman: coronavirusets inverkan p\u00e5 f\u00f6reningsverksamheten och f\u00f6rankrandet av&#8230;<\/p>\n","protected":false},"author":8,"featured_media":2815,"parent":0,"menu_order":0,"comment_status":"closed","ping_status":"closed","template":"","meta":{"footnotes":""},"class_list":["post-2651","page","type-page","status-publish","has-post-thumbnail","hentry","px-4 sm:px-4 md:px-8 lg:px-12 xl:px-24"],"acf":[],"yoast_head":"<!-- This site is optimized with the Yoast SEO plugin v27.1 - https:\/\/yoast.com\/product\/yoast-seo-wordpress\/ -->\n<title>F\u00f6reningsdagarna 2021 - Yhdistyshuone<\/title>\n<meta name=\"robots\" content=\"index, follow, max-snippet:-1, max-image-preview:large, max-video-preview:-1\" \/>\n<link rel=\"canonical\" href=\"https:\/\/kuurojenliitto.fi\/yhdistyshuone\/sv\/foreningsdagarna-2021\/\" \/>\n<meta property=\"og:locale\" content=\"fi_FI\" \/>\n<meta property=\"og:type\" content=\"article\" \/>\n<meta property=\"og:title\" content=\"F\u00f6reningsdagarna 2021 - Yhdistyshuone\" \/>\n<meta property=\"og:description\" content=\"F\u00f6reningsdagarna ordnas helt p\u00e5 distans via n\u00e4tplattformen Zoom. * EDIT 13.1! P\u00e5 grund av coronasituationen ordnas F\u00f6reningsdagarna enbart som distansevenemang. * Utg\u00e5ende fr\u00e5n medlemsf\u00f6reningarnas \u00f6nskem\u00e5l valdes tv\u00e5 huvudteman: coronavirusets inverkan p\u00e5 f\u00f6reningsverksamheten och f\u00f6rankrandet av...\" \/>\n<meta property=\"og:url\" content=\"https:\/\/kuurojenliitto.fi\/yhdistyshuone\/sv\/foreningsdagarna-2021\/\" \/>\n<meta property=\"og:site_name\" content=\"Yhdistyshuone\" \/>\n<meta property=\"article:modified_time\" content=\"2021-02-03T15:18:54+00:00\" \/>\n<meta property=\"og:image\" content=\"https:\/\/kuurojenliitto.fi\/yhdistyshuone\/wp-content\/uploads\/sites\/11\/2021\/02\/foreningsdagarna-2021-1280x720-1.jpg\" \/>\n\t<meta property=\"og:image:width\" content=\"1280\" \/>\n\t<meta property=\"og:image:height\" content=\"720\" \/>\n\t<meta property=\"og:image:type\" content=\"image\/jpeg\" \/>\n<meta name=\"twitter:card\" content=\"summary_large_image\" \/>\n<script type=\"application\/ld+json\" class=\"yoast-schema-graph\">{\"@context\":\"https:\/\/schema.org\",\"@graph\":[{\"@type\":\"WebPage\",\"@id\":\"https:\/\/kuurojenliitto.fi\/yhdistyshuone\/sv\/foreningsdagarna-2021\/\",\"url\":\"https:\/\/kuurojenliitto.fi\/yhdistyshuone\/sv\/foreningsdagarna-2021\/\",\"name\":\"F\u00f6reningsdagarna 2021 - Yhdistyshuone\",\"isPartOf\":{\"@id\":\"https:\/\/kuurojenliitto.fi\/yhdistyshuone\/#website\"},\"primaryImageOfPage\":{\"@id\":\"https:\/\/kuurojenliitto.fi\/yhdistyshuone\/sv\/foreningsdagarna-2021\/#primaryimage\"},\"image\":{\"@id\":\"https:\/\/kuurojenliitto.fi\/yhdistyshuone\/sv\/foreningsdagarna-2021\/#primaryimage\"},\"thumbnailUrl\":\"https:\/\/kuurojenliitto.fi\/yhdistyshuone\/wp-content\/uploads\/sites\/11\/2021\/02\/foreningsdagarna-2021-1280x720-1.jpg\",\"datePublished\":\"2020-12-18T12:18:41+00:00\",\"dateModified\":\"2021-02-03T15:18:54+00:00\",\"breadcrumb\":{\"@id\":\"https:\/\/kuurojenliitto.fi\/yhdistyshuone\/sv\/foreningsdagarna-2021\/#breadcrumb\"},\"inLanguage\":\"fi\",\"potentialAction\":[{\"@type\":\"ReadAction\",\"target\":[\"https:\/\/kuurojenliitto.fi\/yhdistyshuone\/sv\/foreningsdagarna-2021\/\"]}]},{\"@type\":\"ImageObject\",\"inLanguage\":\"fi\",\"@id\":\"https:\/\/kuurojenliitto.fi\/yhdistyshuone\/sv\/foreningsdagarna-2021\/#primaryimage\",\"url\":\"https:\/\/kuurojenliitto.fi\/yhdistyshuone\/wp-content\/uploads\/sites\/11\/2021\/02\/foreningsdagarna-2021-1280x720-1.jpg\",\"contentUrl\":\"https:\/\/kuurojenliitto.fi\/yhdistyshuone\/wp-content\/uploads\/sites\/11\/2021\/02\/foreningsdagarna-2021-1280x720-1.jpg\",\"width\":1280,\"height\":720},{\"@type\":\"BreadcrumbList\",\"@id\":\"https:\/\/kuurojenliitto.fi\/yhdistyshuone\/sv\/foreningsdagarna-2021\/#breadcrumb\",\"itemListElement\":[{\"@type\":\"ListItem\",\"position\":1,\"name\":\"Ing\u00e5ngssida\",\"item\":\"https:\/\/kuurojenliitto.fi\/yhdistyshuone\/\"},{\"@type\":\"ListItem\",\"position\":2,\"name\":\"F\u00f6reningsdagarna 2021\"}]},{\"@type\":\"WebSite\",\"@id\":\"https:\/\/kuurojenliitto.fi\/yhdistyshuone\/#website\",\"url\":\"https:\/\/kuurojenliitto.fi\/yhdistyshuone\/\",\"name\":\"Yhdistyshuone\",\"description\":\"Uusi Kuurojen Liitto-sivustot -sivusto\",\"potentialAction\":[{\"@type\":\"SearchAction\",\"target\":{\"@type\":\"EntryPoint\",\"urlTemplate\":\"https:\/\/kuurojenliitto.fi\/yhdistyshuone\/?s={search_term_string}\"},\"query-input\":{\"@type\":\"PropertyValueSpecification\",\"valueRequired\":true,\"valueName\":\"search_term_string\"}}],\"inLanguage\":\"fi\"}]}<\/script>\n<!-- \/ Yoast SEO plugin. -->","yoast_head_json":{"title":"F\u00f6reningsdagarna 2021 - Yhdistyshuone","robots":{"index":"index","follow":"follow","max-snippet":"max-snippet:-1","max-image-preview":"max-image-preview:large","max-video-preview":"max-video-preview:-1"},"canonical":"https:\/\/kuurojenliitto.fi\/yhdistyshuone\/sv\/foreningsdagarna-2021\/","og_locale":"fi_FI","og_type":"article","og_title":"F\u00f6reningsdagarna 2021 - Yhdistyshuone","og_description":"F\u00f6reningsdagarna ordnas helt p\u00e5 distans via n\u00e4tplattformen Zoom. * EDIT 13.1! P\u00e5 grund av coronasituationen ordnas F\u00f6reningsdagarna enbart som distansevenemang. * Utg\u00e5ende fr\u00e5n medlemsf\u00f6reningarnas \u00f6nskem\u00e5l valdes tv\u00e5 huvudteman: coronavirusets inverkan p\u00e5 f\u00f6reningsverksamheten och f\u00f6rankrandet av...","og_url":"https:\/\/kuurojenliitto.fi\/yhdistyshuone\/sv\/foreningsdagarna-2021\/","og_site_name":"Yhdistyshuone","article_modified_time":"2021-02-03T15:18:54+00:00","og_image":[{"width":1280,"height":720,"url":"https:\/\/kuurojenliitto.fi\/yhdistyshuone\/wp-content\/uploads\/sites\/11\/2021\/02\/foreningsdagarna-2021-1280x720-1.jpg","type":"image\/jpeg"}],"twitter_card":"summary_large_image","schema":{"@context":"https:\/\/schema.org","@graph":[{"@type":"WebPage","@id":"https:\/\/kuurojenliitto.fi\/yhdistyshuone\/sv\/foreningsdagarna-2021\/","url":"https:\/\/kuurojenliitto.fi\/yhdistyshuone\/sv\/foreningsdagarna-2021\/","name":"F\u00f6reningsdagarna 2021 - Yhdistyshuone","isPartOf":{"@id":"https:\/\/kuurojenliitto.fi\/yhdistyshuone\/#website"},"primaryImageOfPage":{"@id":"https:\/\/kuurojenliitto.fi\/yhdistyshuone\/sv\/foreningsdagarna-2021\/#primaryimage"},"image":{"@id":"https:\/\/kuurojenliitto.fi\/yhdistyshuone\/sv\/foreningsdagarna-2021\/#primaryimage"},"thumbnailUrl":"https:\/\/kuurojenliitto.fi\/yhdistyshuone\/wp-content\/uploads\/sites\/11\/2021\/02\/foreningsdagarna-2021-1280x720-1.jpg","datePublished":"2020-12-18T12:18:41+00:00","dateModified":"2021-02-03T15:18:54+00:00","breadcrumb":{"@id":"https:\/\/kuurojenliitto.fi\/yhdistyshuone\/sv\/foreningsdagarna-2021\/#breadcrumb"},"inLanguage":"fi","potentialAction":[{"@type":"ReadAction","target":["https:\/\/kuurojenliitto.fi\/yhdistyshuone\/sv\/foreningsdagarna-2021\/"]}]},{"@type":"ImageObject","inLanguage":"fi","@id":"https:\/\/kuurojenliitto.fi\/yhdistyshuone\/sv\/foreningsdagarna-2021\/#primaryimage","url":"https:\/\/kuurojenliitto.fi\/yhdistyshuone\/wp-content\/uploads\/sites\/11\/2021\/02\/foreningsdagarna-2021-1280x720-1.jpg","contentUrl":"https:\/\/kuurojenliitto.fi\/yhdistyshuone\/wp-content\/uploads\/sites\/11\/2021\/02\/foreningsdagarna-2021-1280x720-1.jpg","width":1280,"height":720},{"@type":"BreadcrumbList","@id":"https:\/\/kuurojenliitto.fi\/yhdistyshuone\/sv\/foreningsdagarna-2021\/#breadcrumb","itemListElement":[{"@type":"ListItem","position":1,"name":"Ing\u00e5ngssida","item":"https:\/\/kuurojenliitto.fi\/yhdistyshuone\/"},{"@type":"ListItem","position":2,"name":"F\u00f6reningsdagarna 2021"}]},{"@type":"WebSite","@id":"https:\/\/kuurojenliitto.fi\/yhdistyshuone\/#website","url":"https:\/\/kuurojenliitto.fi\/yhdistyshuone\/","name":"Yhdistyshuone","description":"Uusi Kuurojen Liitto-sivustot -sivusto","potentialAction":[{"@type":"SearchAction","target":{"@type":"EntryPoint","urlTemplate":"https:\/\/kuurojenliitto.fi\/yhdistyshuone\/?s={search_term_string}"},"query-input":{"@type":"PropertyValueSpecification","valueRequired":true,"valueName":"search_term_string"}}],"inLanguage":"fi"}]}},"lang":"sv","translations":{"sv":2651,"fi":2604},"pll_sync_post":[],"_links":{"self":[{"href":"https:\/\/kuurojenliitto.fi\/yhdistyshuone\/wp-json\/wp\/v2\/pages\/2651","targetHints":{"allow":["GET"]}}],"collection":[{"href":"https:\/\/kuurojenliitto.fi\/yhdistyshuone\/wp-json\/wp\/v2\/pages"}],"about":[{"href":"https:\/\/kuurojenliitto.fi\/yhdistyshuone\/wp-json\/wp\/v2\/types\/page"}],"author":[{"embeddable":true,"href":"https:\/\/kuurojenliitto.fi\/yhdistyshuone\/wp-json\/wp\/v2\/users\/8"}],"replies":[{"embeddable":true,"href":"https:\/\/kuurojenliitto.fi\/yhdistyshuone\/wp-json\/wp\/v2\/comments?post=2651"}],"version-history":[{"count":37,"href":"https:\/\/kuurojenliitto.fi\/yhdistyshuone\/wp-json\/wp\/v2\/pages\/2651\/revisions"}],"predecessor-version":[{"id":4231,"href":"https:\/\/kuurojenliitto.fi\/yhdistyshuone\/wp-json\/wp\/v2\/pages\/2651\/revisions\/4231"}],"wp:featuredmedia":[{"embeddable":true,"href":"https:\/\/kuurojenliitto.fi\/yhdistyshuone\/wp-json\/wp\/v2\/media\/2815"}],"wp:attachment":[{"href":"https:\/\/kuurojenliitto.fi\/yhdistyshuone\/wp-json\/wp\/v2\/media?parent=2651"}],"curies":[{"name":"wp","href":"https:\/\/api.w.org\/{rel}","templated":true}]}}