{"id":264,"date":"2020-02-25T10:37:21","date_gmt":"2020-02-25T08:37:21","guid":{"rendered":"https:\/\/kuurojenliitto.fi\/yhdistyshuone\/?page_id=264"},"modified":"2023-03-31T10:25:15","modified_gmt":"2023-03-31T07:25:15","slug":"yhdistystoiminnan-kasikirjat","status":"publish","type":"page","link":"https:\/\/kuurojenliitto.fi\/yhdistyshuone\/yhdistystoiminnan-kasikirjat\/","title":{"rendered":"Yhdistystoiminnan k\u00e4sikirjat"},"content":{"rendered":"\n\n<section id=\"column-block_6bf78b6bbf4b22689a2c88f471ad552f\" class=\"section-default ingress px-4 sm:px-4 md:px-8 lg:px-12 xl:px-24\">\n    <div class=\"flex pb-4\">\n            \n    <\/div>\n\n<\/section>\n\n\n\n<section id=\"column-block_f6e6ff40e511af4f93bba0a0eeea4f85\" class=\"px-4 sm:px-4 md:px-8 lg:px-12 xl:px-24 section-default \">\n\n            <div class=\"relative py-4 gridder\">\n                        <div id=\"stickier\" class=\"b z-10 flex flex-row flex-wrap  mb-6 top-0 relative\">\n\n          <div class=\"x-tabs w-full\" x-data=\"{ activeTab: 0 }\">\n                    <div :class=\"{ 'hidden': activeTab !== 0 }\" tabindex=\"0\" role=\"tabpanel\" id=\"tab-0\" aria-labelledby=\"label-0\" class=\"bg-white\">\n                                        <button onclick=\"getSticky()\" class=\"bg-moss-500 hover:text-white text-dark w-16 h-16 hidden md:block md:absolute top-0 right-0 z-10\"><i class=\"fas fa-thumbtack fa-lg\"><\/i><br><span id=\"stickytext\">Kiinnit\u00e4<\/span><\/button>\n                                <div class=\"embed-container w-full\">\n    <iframe loading=\"lazy\" title=\"Yhdistystoiminnan k\u00e4sikirja\" width=\"640\" height=\"360\" src=\"https:\/\/www.youtube.com\/embed\/hwKRXJd2lpc?feature=oembed\" frameborder=\"0\" allow=\"accelerometer; autoplay; clipboard-write; encrypted-media; gyroscope; picture-in-picture; web-share\" referrerpolicy=\"strict-origin-when-cross-origin\" allowfullscreen><\/iframe>  <\/div>\n  <div class=\"w-full p-2 bg-light text-md\">\n        <div class=\"flex flex-row flex-wrap text-sm text-gray-800\">\n              <div class=\"w-full md:w-1\/3\">\n          <i class=\"far fa-clock mr-1 text-gray-500\"><\/i> Kesto: 00:27<\/div>\n      \n      <div class=\"w-full md:w-2\/3\">\n        <i class=\"fal fa-closed-captioning mr-1 text-gray-500\"><\/i>\n        Ei tekstityst\u00e4                  <div class=\"w-full\"><i class=\"fal fa-sign-language mr-1 text-gray-500\"><\/i>\n            Kieli:\n                                                          <span>Suomalainen viittomakieli<\/span>\n                          \n          <\/div>\n              <\/div>\n    <\/div>\n  <\/div>\n                                                <\/div>\n                                <\/div>\n\n                              <\/div>\n        \n          <div class=\"content entry-content bg-white p-8 lg:pr-20 a lg:mr-12 mb-3 shadow-xl hover:shadow-2xl\">\n            <p>Tervetuloa tutustumaan yhdistystoiminnan k\u00e4sikirjoihin.<\/p>\n<p>L\u00f6yd\u00e4t k\u00e4sikirjoista tietoa mm. kokousk\u00e4yt\u00e4nn\u00f6ist\u00e4 ja vaikuttamisty\u00f6st\u00e4, klikkaa vain sis\u00e4\u00e4n haluamaasi aiheeseen Viittomakielisen kirjaston puolelle.<\/p>\n<p>Voit katsoa kunkin k\u00e4sikirjan yhten\u00e4 kokonaisena opasvideona tai vaihtoehtoisesti aihealuettain jaettuna lyhyempin\u00e4 videoina. Vaikuttamisty\u00f6h\u00f6n voi tutustua yhden opasvideon kautta.<\/p>\n                      <\/div>\n\n          \n\n      <\/div>\n    \n  \n<\/section>\n\n\n\n<section id=\"column-block_a6b55a3b6f04f30485a53c37bf79f382\"\n         class=\"section-default pt-0 pb-0 px-4 sm:px-4 md:px-8 lg:px-12 xl:px-24 bg-gray-100 cards\">\n    \n                    <div class=\"flex flex-wrap md:flex-row -mx-4\">\n                \n                    <div class=\"w-full md:w-1\/4 p-4 relative\">\n                        <div class=\"bg-white shadow-xl hover:shadow-2xl h-full flex flex-col\">\n                            \n                                <figure class=\"relative imageratio \">\n                                    <img decoding=\"async\" src=\"https:\/\/kuurojenliitto.fi\/yhdistyshuone\/wp-content\/uploads\/sites\/11\/2020\/02\/K\u00e4sikirja-yhdistyslaki-2.jpg\" alt=\"Esiintyj\u00e4 istuvat sohvalla keskustelemassa, toinen n\u00e4ytt\u00e4\u00e4 lehti\u00e4\">\n                                <\/figure>\n                              \n                                                                                    <div class=\"py-3 px-4\">\n                                \n                                                                    <h3 class=\"py-3 leading-tight  text-xl \">Yhdistyslaki<\/h3>\n                                                                                                    <div class=\"content\">\n                                                                    <div class=\"field-item odd\">\n<article id=\"node-article-3836\" class=\"node node-article contextual-links-region node-published node-not-promoted node-not-sticky self-posted author-tiina odd clearfix article_even artikkelit_rinnakkain\">\n<div class=\"clearfix article-wrapper\">\n<div class=\"bottom_content_wrapper\">\n<div class=\"article-container has-content\">\n<div class=\"field field-name-field-caption field-type-text-long field-label-hidden\">\n<div class=\"field-items\">\n<div class=\"field-item odd\">Tietopaketti yhdistyslaista: kuinka yhdistys perustetaan, kuka voi olla j\u00e4sen ja kuinka p\u00e4\u00e4t\u00f6ksi\u00e4 tehd\u00e4\u00e4n. Ent\u00e4 mit\u00e4 pit\u00e4\u00e4 tehd\u00e4, jos yhdistyksen toiminta loppuu?<\/div>\n<\/div>\n<\/div>\n<\/div>\n<\/div>\n<\/div>\n<\/article>\n<\/div>\n<div class=\"field-item even\"><\/div>\n                                                                <\/div>\n                            <\/div>\n                                                                                                                                                        <div class=\"py-3 px-4 mt-auto\">\n                                \n                                                                    \n                                        \n                                                                                        <a class=\"btn btn-dark inline-block mb-3\"\n                                               href=\"https:\/\/viittomakielinenkirjasto.fi\/video\/yhdistyslaki\/\"\n                                               target=\"_blank\">Yhdistyslaki<\/a>\n                                                                                                                        \n                                                                                                <\/div>\n                                                    <\/div>\n                    <\/div>\n\n                \n                    <div class=\"w-full md:w-1\/4 p-4 relative\">\n                        <div class=\"bg-white shadow-xl hover:shadow-2xl h-full flex flex-col\">\n                            \n                                <figure class=\"relative imageratio \">\n                                    <img decoding=\"async\" src=\"https:\/\/kuurojenliitto.fi\/yhdistyshuone\/wp-content\/uploads\/sites\/11\/2020\/02\/K\u00e4sikirja-yhdistyksen-talous-2.jpg\" alt=\"Juontaja viittoo kameralle, esiintyj\u00e4 istuu takana p\u00f6yd\u00e4n \u00e4\u00e4ress\u00e4\">\n                                <\/figure>\n                              \n                                                                                    <div class=\"py-3 px-4\">\n                                \n                                                                    <h3 class=\"py-3 leading-tight  text-xl \">Yhdistyksen talous<\/h3>\n                                                                                                    <div class=\"content\">\n                                                                    <p>Tietopaketti yhdistyksen taloushallinnasta: mit\u00e4 talousohjes\u00e4\u00e4nn\u00f6ss\u00e4 sanotaan, mitk\u00e4 ovat hallituksen vastuut ja milloin talousarvio ja tilinp\u00e4\u00e4t\u00f6s pit\u00e4\u00e4 tehd\u00e4. Mik\u00e4 ero on tilintarkastuksella ja toiminnantarkastuksella?<\/p>\n                                                                <\/div>\n                            <\/div>\n                                                                                                                                                        <div class=\"py-3 px-4 mt-auto\">\n                                \n                                                                    \n                                        \n                                                                                        <a class=\"btn btn-dark inline-block mb-3\"\n                                               href=\"https:\/\/viittomakielinenkirjasto.fi\/video\/yhdistyksen-talous\/\"\n                                               target=\"_blank\">Yhdistyksen talous<\/a>\n                                                                                                                        \n                                                                                                <\/div>\n                                                    <\/div>\n                    <\/div>\n\n                \n                    <div class=\"w-full md:w-1\/4 p-4 relative\">\n                        <div class=\"bg-white shadow-xl hover:shadow-2xl h-full flex flex-col\">\n                            \n                                <figure class=\"relative imageratio \">\n                                    <img decoding=\"async\" src=\"https:\/\/kuurojenliitto.fi\/yhdistyshuone\/wp-content\/uploads\/sites\/11\/2020\/02\/K\u00e4sikirja-kokousk\u00e4yt\u00e4nn\u00f6t-2.jpg\" alt=\"Esiintyj\u00e4t istuvat p\u00f6yd\u00e4n \u00e4\u00e4ress\u00e4\">\n                                <\/figure>\n                              \n                                                                                    <div class=\"py-3 px-4\">\n                                \n                                                                    <h3 class=\"py-3 leading-tight  text-xl \">Kokousk\u00e4yt\u00e4nn\u00f6t<\/h3>\n                                                                                                    <div class=\"content\">\n                                                                    <p>Tietopaketti yhdistyksen vuosikokouksen j\u00e4rjest\u00e4misest\u00e4: mit\u00e4 tapahtuu ennen kokousta, kokouksen aikana ja kokouksen j\u00e4lkeen. Ent\u00e4 mit\u00e4 puheenjohtajan ja sihteerin teht\u00e4viin kuuluu?<\/p>\n                                                                <\/div>\n                            <\/div>\n                                                                                                                                                        <div class=\"py-3 px-4 mt-auto\">\n                                \n                                                                    \n                                        \n                                                                                        <a class=\"btn btn-dark inline-block mb-3\"\n                                               href=\"https:\/\/viittomakielinenkirjasto.fi\/video\/kokouskaytannot\/\"\n                                               target=\"_blank\">Kokousk\u00e4yt\u00e4nn\u00f6t<\/a>\n                                                                                                                        \n                                                                                                <\/div>\n                                                    <\/div>\n                    <\/div>\n\n                \n                    <div class=\"w-full md:w-1\/4 p-4 relative\">\n                        <div class=\"bg-white shadow-xl hover:shadow-2xl h-full flex flex-col\">\n                            \n                                <figure class=\"relative imageratio \">\n                                    <img decoding=\"async\" src=\"https:\/\/kuurojenliitto.fi\/yhdistyshuone\/wp-content\/uploads\/sites\/11\/2020\/02\/K\u00e4sikirja-vaikuttamisty\u00f6-2.jpg\" alt=\"Esiintyj\u00e4 osoittaa sormella Carl Oscar Malmin kuvaa\">\n                                <\/figure>\n                              \n                                                                                    <div class=\"py-3 px-4\">\n                                \n                                                                    <h3 class=\"py-3 leading-tight  text-xl \">Vaikuttamisty\u00f6<\/h3>\n                                                                                                    <div class=\"content\">\n                                                                    <p>T\u00e4m\u00e4 video tarjoaa k\u00e4yt\u00e4nn\u00f6n neuvoja viittomakielisten vaikuttamisty\u00f6h\u00f6n. Suosittelemme katsomaan videon ajatuksella. Ja aina parempi, jos katsot kaverin kanssa!<\/p>\n                                                                <\/div>\n                            <\/div>\n                                                                                                                                                        <div class=\"py-3 px-4 mt-auto\">\n                                \n                                                                    \n                                        \n                                                                                        <a class=\"btn btn-dark inline-block mb-3\"\n                                               href=\"https:\/\/viittomakielinenkirjasto.fi\/video\/vaikuttamistyo\/\"\n                                               target=\"_blank\">Vaikuttamisty\u00f6<\/a>\n                                                                                                                        \n                                                                                                <\/div>\n                                                    <\/div>\n                    <\/div>\n\n                \n            <\/div>\n        \n    \n<\/section>\n","protected":false},"excerpt":{"rendered":"<p>Kiinnit\u00e4 Kesto: 00:27 Ei tekstityst\u00e4 Kieli: Suomalainen viittomakieli Tervetuloa tutustumaan yhdistystoiminnan k\u00e4sikirjoihin. L\u00f6yd\u00e4t k\u00e4sikirjoista tietoa mm. kokousk\u00e4yt\u00e4nn\u00f6ist\u00e4 ja vaikuttamisty\u00f6st\u00e4, klikkaa vain sis\u00e4\u00e4n haluamaasi aiheeseen Viittomakielisen kirjaston puolelle. Voit katsoa kunkin k\u00e4sikirjan yhten\u00e4 kokonaisena opasvideona tai&#8230;<\/p>\n","protected":false},"author":6,"featured_media":0,"parent":0,"menu_order":0,"comment_status":"closed","ping_status":"closed","template":"","meta":{"footnotes":""},"class_list":["post-264","page","type-page","status-publish","hentry","px-4 sm:px-4 md:px-8 lg:px-12 xl:px-24"],"acf":[],"yoast_head":"<!-- This site is optimized with the Yoast SEO plugin v27.3 - https:\/\/yoast.com\/product\/yoast-seo-wordpress\/ -->\n<title>Yhdistystoiminnan k\u00e4sikirjat - Yhdistyshuone<\/title>\n<meta name=\"robots\" content=\"index, follow, max-snippet:-1, max-image-preview:large, max-video-preview:-1\" \/>\n<link rel=\"canonical\" href=\"https:\/\/kuurojenliitto.fi\/yhdistyshuone\/yhdistystoiminnan-kasikirjat\/\" \/>\n<meta property=\"og:locale\" content=\"fi_FI\" \/>\n<meta property=\"og:type\" content=\"article\" \/>\n<meta property=\"og:title\" content=\"Yhdistystoiminnan k\u00e4sikirjat - Yhdistyshuone\" \/>\n<meta property=\"og:description\" content=\"Kiinnit\u00e4 Kesto: 00:27 Ei tekstityst\u00e4 Kieli: Suomalainen viittomakieli Tervetuloa tutustumaan yhdistystoiminnan k\u00e4sikirjoihin. L\u00f6yd\u00e4t k\u00e4sikirjoista tietoa mm. kokousk\u00e4yt\u00e4nn\u00f6ist\u00e4 ja vaikuttamisty\u00f6st\u00e4, klikkaa vain sis\u00e4\u00e4n haluamaasi aiheeseen Viittomakielisen kirjaston puolelle. Voit katsoa kunkin k\u00e4sikirjan yhten\u00e4 kokonaisena opasvideona tai...\" \/>\n<meta property=\"og:url\" content=\"https:\/\/kuurojenliitto.fi\/yhdistyshuone\/yhdistystoiminnan-kasikirjat\/\" \/>\n<meta property=\"og:site_name\" content=\"Yhdistyshuone\" \/>\n<meta property=\"article:modified_time\" content=\"2023-03-31T07:25:15+00:00\" \/>\n<meta name=\"twitter:card\" content=\"summary_large_image\" \/>\n<script type=\"application\/ld+json\" class=\"yoast-schema-graph\">{\"@context\":\"https:\\\/\\\/schema.org\",\"@graph\":[{\"@type\":\"WebPage\",\"@id\":\"https:\\\/\\\/kuurojenliitto.fi\\\/yhdistyshuone\\\/yhdistystoiminnan-kasikirjat\\\/\",\"url\":\"https:\\\/\\\/kuurojenliitto.fi\\\/yhdistyshuone\\\/yhdistystoiminnan-kasikirjat\\\/\",\"name\":\"Yhdistystoiminnan k\u00e4sikirjat - Yhdistyshuone\",\"isPartOf\":{\"@id\":\"https:\\\/\\\/kuurojenliitto.fi\\\/yhdistyshuone\\\/#website\"},\"datePublished\":\"2020-02-25T08:37:21+00:00\",\"dateModified\":\"2023-03-31T07:25:15+00:00\",\"breadcrumb\":{\"@id\":\"https:\\\/\\\/kuurojenliitto.fi\\\/yhdistyshuone\\\/yhdistystoiminnan-kasikirjat\\\/#breadcrumb\"},\"inLanguage\":\"fi\",\"potentialAction\":[{\"@type\":\"ReadAction\",\"target\":[\"https:\\\/\\\/kuurojenliitto.fi\\\/yhdistyshuone\\\/yhdistystoiminnan-kasikirjat\\\/\"]}]},{\"@type\":\"BreadcrumbList\",\"@id\":\"https:\\\/\\\/kuurojenliitto.fi\\\/yhdistyshuone\\\/yhdistystoiminnan-kasikirjat\\\/#breadcrumb\",\"itemListElement\":[{\"@type\":\"ListItem\",\"position\":1,\"name\":\"Ing\u00e5ngssida\",\"item\":\"https:\\\/\\\/kuurojenliitto.fi\\\/yhdistyshuone\\\/\"},{\"@type\":\"ListItem\",\"position\":2,\"name\":\"Yhdistystoiminnan k\u00e4sikirjat\"}]},{\"@type\":\"WebSite\",\"@id\":\"https:\\\/\\\/kuurojenliitto.fi\\\/yhdistyshuone\\\/#website\",\"url\":\"https:\\\/\\\/kuurojenliitto.fi\\\/yhdistyshuone\\\/\",\"name\":\"Yhdistyshuone\",\"description\":\"Uusi Kuurojen Liitto-sivustot -sivusto\",\"potentialAction\":[{\"@type\":\"SearchAction\",\"target\":{\"@type\":\"EntryPoint\",\"urlTemplate\":\"https:\\\/\\\/kuurojenliitto.fi\\\/yhdistyshuone\\\/?s={search_term_string}\"},\"query-input\":{\"@type\":\"PropertyValueSpecification\",\"valueRequired\":true,\"valueName\":\"search_term_string\"}}],\"inLanguage\":\"fi\"}]}<\/script>\n<!-- \/ Yoast SEO plugin. -->","yoast_head_json":{"title":"Yhdistystoiminnan k\u00e4sikirjat - Yhdistyshuone","robots":{"index":"index","follow":"follow","max-snippet":"max-snippet:-1","max-image-preview":"max-image-preview:large","max-video-preview":"max-video-preview:-1"},"canonical":"https:\/\/kuurojenliitto.fi\/yhdistyshuone\/yhdistystoiminnan-kasikirjat\/","og_locale":"fi_FI","og_type":"article","og_title":"Yhdistystoiminnan k\u00e4sikirjat - Yhdistyshuone","og_description":"Kiinnit\u00e4 Kesto: 00:27 Ei tekstityst\u00e4 Kieli: Suomalainen viittomakieli Tervetuloa tutustumaan yhdistystoiminnan k\u00e4sikirjoihin. L\u00f6yd\u00e4t k\u00e4sikirjoista tietoa mm. kokousk\u00e4yt\u00e4nn\u00f6ist\u00e4 ja vaikuttamisty\u00f6st\u00e4, klikkaa vain sis\u00e4\u00e4n haluamaasi aiheeseen Viittomakielisen kirjaston puolelle. Voit katsoa kunkin k\u00e4sikirjan yhten\u00e4 kokonaisena opasvideona tai...","og_url":"https:\/\/kuurojenliitto.fi\/yhdistyshuone\/yhdistystoiminnan-kasikirjat\/","og_site_name":"Yhdistyshuone","article_modified_time":"2023-03-31T07:25:15+00:00","twitter_card":"summary_large_image","schema":{"@context":"https:\/\/schema.org","@graph":[{"@type":"WebPage","@id":"https:\/\/kuurojenliitto.fi\/yhdistyshuone\/yhdistystoiminnan-kasikirjat\/","url":"https:\/\/kuurojenliitto.fi\/yhdistyshuone\/yhdistystoiminnan-kasikirjat\/","name":"Yhdistystoiminnan k\u00e4sikirjat - Yhdistyshuone","isPartOf":{"@id":"https:\/\/kuurojenliitto.fi\/yhdistyshuone\/#website"},"datePublished":"2020-02-25T08:37:21+00:00","dateModified":"2023-03-31T07:25:15+00:00","breadcrumb":{"@id":"https:\/\/kuurojenliitto.fi\/yhdistyshuone\/yhdistystoiminnan-kasikirjat\/#breadcrumb"},"inLanguage":"fi","potentialAction":[{"@type":"ReadAction","target":["https:\/\/kuurojenliitto.fi\/yhdistyshuone\/yhdistystoiminnan-kasikirjat\/"]}]},{"@type":"BreadcrumbList","@id":"https:\/\/kuurojenliitto.fi\/yhdistyshuone\/yhdistystoiminnan-kasikirjat\/#breadcrumb","itemListElement":[{"@type":"ListItem","position":1,"name":"Ing\u00e5ngssida","item":"https:\/\/kuurojenliitto.fi\/yhdistyshuone\/"},{"@type":"ListItem","position":2,"name":"Yhdistystoiminnan k\u00e4sikirjat"}]},{"@type":"WebSite","@id":"https:\/\/kuurojenliitto.fi\/yhdistyshuone\/#website","url":"https:\/\/kuurojenliitto.fi\/yhdistyshuone\/","name":"Yhdistyshuone","description":"Uusi Kuurojen Liitto-sivustot -sivusto","potentialAction":[{"@type":"SearchAction","target":{"@type":"EntryPoint","urlTemplate":"https:\/\/kuurojenliitto.fi\/yhdistyshuone\/?s={search_term_string}"},"query-input":{"@type":"PropertyValueSpecification","valueRequired":true,"valueName":"search_term_string"}}],"inLanguage":"fi"}]}},"lang":"fi","translations":{"fi":264},"pll_sync_post":[],"_links":{"self":[{"href":"https:\/\/kuurojenliitto.fi\/yhdistyshuone\/wp-json\/wp\/v2\/pages\/264","targetHints":{"allow":["GET"]}}],"collection":[{"href":"https:\/\/kuurojenliitto.fi\/yhdistyshuone\/wp-json\/wp\/v2\/pages"}],"about":[{"href":"https:\/\/kuurojenliitto.fi\/yhdistyshuone\/wp-json\/wp\/v2\/types\/page"}],"author":[{"embeddable":true,"href":"https:\/\/kuurojenliitto.fi\/yhdistyshuone\/wp-json\/wp\/v2\/users\/6"}],"replies":[{"embeddable":true,"href":"https:\/\/kuurojenliitto.fi\/yhdistyshuone\/wp-json\/wp\/v2\/comments?post=264"}],"version-history":[{"count":39,"href":"https:\/\/kuurojenliitto.fi\/yhdistyshuone\/wp-json\/wp\/v2\/pages\/264\/revisions"}],"predecessor-version":[{"id":5441,"href":"https:\/\/kuurojenliitto.fi\/yhdistyshuone\/wp-json\/wp\/v2\/pages\/264\/revisions\/5441"}],"wp:attachment":[{"href":"https:\/\/kuurojenliitto.fi\/yhdistyshuone\/wp-json\/wp\/v2\/media?parent=264"}],"curies":[{"name":"wp","href":"https:\/\/api.w.org\/{rel}","templated":true}]}}