{"id":20,"date":"2019-11-04T10:17:14","date_gmt":"2019-11-04T08:17:14","guid":{"rendered":"http:\/\/yhdistyshuone.kuurojenliitto.fi\/?page_id=12"},"modified":"2026-04-09T12:17:51","modified_gmt":"2026-04-09T09:17:51","slug":"etusivu-2","status":"publish","type":"page","link":"https:\/\/kuurojenliitto.fi\/yhdistyshuone\/","title":{"rendered":"Etusivu"},"content":{"rendered":"\n\n<section id=\"column-block_78797d7ba27767afce59e9682627e72c\" class=\"section-default pt-8 pb-0 px-4 sm:px-4 md:px-8 lg:px-12 xl:px-24 bg-gray-100 big-card\">\n\n  \n    <div class=\"flex-row -mx-4\">\n      <article class=\"p-4 relative w-full\">\n        <div class=\"bg-white shadow-xl hover:shadow-2xl flex flex-col md:flex-row-reverse\">\n          <figure class=\"big-card-image relative md:w-2\/3  flex justify-center items-center\">\n                <img decoding=\"async\" src=\"https:\/\/kuurojenliitto.fi\/yhdistyshuone\/wp-content\/uploads\/sites\/11\/2022\/10\/yhdistyshuone-iina-ja-asta-e1665659631721-1280x720.jpg\" class=\"object-cover\">\n          <\/figure>\n          <div class=\"big-card-image md:w-1\/3 p-6 relative\">\n\n                          <h3 class=\"mt-4 text-2xl leading-tight heading-lg\">Tervetuloa Yhdistyshuoneeseen!<\/h3>\n                        <hr class=\"border-b-4 border-color w-24 my-5 mr-auto\"\/>\n                          <p>Yhdistyshuone on Kuurojen Liiton j\u00e4senyhdistyksille, yhdistystoimijoille sek\u00e4 yhdistystoiminnasta kiinnostuneille.<\/p>\n<p>T\u00e4\u00e4lt\u00e4 l\u00f6ytyy uutisia, tiedotteita ja tapahtumia sek\u00e4 yhdistystoimintaan liittyvi\u00e4 materiaaleja.<\/p>\n            \n            \n                      <\/div>\n        <\/div>\n      <\/article>\n    <\/div>\n\n  \n<\/section>\n\n\n\n\n<section id=\"column-block_c58f6aa17cadd01baf2ac22a5067e285\" class=\"section-default pt-0 pb-0  px-4 sm:px-4 lg:px-12 xl:px-24 bg-gray-100 text-gray-900 woo\">\n\n    <div class=\"items-center bg-white shadow-xl hover:shadow-2xl flex flex-col md:flex-row\">\n      <div class=\"w-full md:w-1\/3 lg:w-1\/4\">\n        <figure class=\"imagerati\">\n          <img decoding=\"async\" src=\"https:\/\/kuurojenliitto.fi\/yhdistyshuone\/wp-content\/uploads\/sites\/11\/2025\/04\/NUPPU-yhdessa-2.jpg\" class=\"object-cover\">\n        <\/figure>\n      <\/div>\n\n      <div class=\"w-full md:w-1\/3 lg:w-1\/2 p-4 md:px-6 md:py-4 content text-gray-900\">\n        <h2>NUPPU \u2013 Viittovat lastenkerhot<\/h2>\n<p>Kuurojen Liiton uusi kielikerho-projekti keskittyy tukemaan viittovia lapsia. Projekti keskittyy viiteen kaupunkiin ja niiden l\u00e4hialueisiin: Turku, Tampere, Jyv\u00e4skyl\u00e4, Helsinki ja Oulu. Kerhotapaamiset ovat usein kuurojenyhdistyksill\u00e4.<\/p>\n      <\/div>\n\n      <div class=\"w-full md:w-1\/3 lg:w-1\/4 pb-4 md:pb-0 px-4 md:px-8\">\n                                    <nav class=\"flex flex-col\">\n          \n                                                                <a class=\"bg-dark text-white btn mt-4 md:mt-0 text-center inline-block\" href=\"https:\/\/kuurojenliitto.fi\/nuppu\/\" target=\"_self\">\n                  <span class=\"mx-auto\">Lis\u00e4tietoja<\/span>\n                <\/a>\n                          \n                  <\/nav>\n            <\/div>\n    <\/div>\n\n<\/section>\n\n\n\n<section id=\"column-block_9946bb56e4c9ed7cc6b5545c342d4563\" class=\"px-4 sm:px-4 md:px-8 lg:px-12 xl:px-24 section-default \">\n\n            <div class=\"relative py-4 gridder\">\n                        <div id=\"stickier\" class=\"b z-10 flex flex-row flex-wrap  mb-6 top-0 relative\">\n\n          <div class=\"x-tabs w-full\" x-data=\"{ activeTab: 0 }\">\n                    <div :class=\"{ 'hidden': activeTab !== 0 }\" tabindex=\"0\" role=\"tabpanel\" id=\"tab-0\" aria-labelledby=\"label-0\" class=\"bg-white\">\n                            \n    <figure class=\"relative\">\n      <img decoding=\"async\" src=\"https:\/\/kuurojenliitto.fi\/yhdistyshuone\/wp-content\/uploads\/sites\/11\/2023\/03\/IMG_3330-1280x720.jpg\" alt=\"Et\u00e4osanottajat ruudulla.\">\n    <\/figure>\n                                        <\/div>\n                                <\/div>\n\n                              <\/div>\n        \n          <div class=\"content entry-content bg-white p-8 lg:pr-20 a lg:mr-12 mb-3 shadow-xl hover:shadow-2xl\">\n            <h1>Et\u00e4yhdistysillat<\/h1>\n<p>Et\u00e4yhdistysillat j\u00e4rjestet\u00e4\u00e4n Zoom-alustalla noin kerran kuukaudessa kev\u00e4t- ja syysaikaan. Et\u00e4yhdistysilloissa keskustellaan ajankohtaisista asioista, mm. yhdistystoimintaan liittyvist\u00e4 asioista ja muista uutisaiheista.<\/p>\n<p>Olette kaikki tervetulleita mukaan et\u00e4yhdistysiltoihin kuuntelemaan tai keskustelemaan, oletpa mukana yhdistystoiminnassa tai et!<\/p>\n<p>Et\u00e4yhdistysiltaan ei tarvitse ilmoittautua etuk\u00e4teen. Zoom-linkki l\u00f6ytyy alla olevasta listasta ja jokaisen et\u00e4yhdistysillan mainoksesta.<\/p>\n<p>Tervetuloa et\u00e4yhdistysiltoihin!<\/p>\n<h2>Kev\u00e4\u00e4n 2026 yhdistysillat:<\/h2>\n<ul data-editing-info=\"{&quot;applyListStyleFromLevel&quot;:false,&quot;unorderedStyleType&quot;:2}\">\n<li>Ma <del>30.3.<\/del>2026 klo 18-20 &#8211;&gt; <strong>siirretty p\u00e4\u00e4llekk\u00e4isyyden vuoksi, uusi p\u00e4iv\u00e4 ma 13.4.: <\/strong><a href=\"https:\/\/us02web.zoom.us\/j\/87030063784\">https:\/\/us02web.zoom.us\/j\/87030063784<\/a><\/li>\n<li>\n<div class=\"x_elementToProof\" role=\"presentation\">Ma 27.4.2026 klo 18-20<\/div>\n<\/li>\n<li>\n<div class=\"x_elementToProof\" role=\"presentation\">Ma 1.6.2026 klo 18-20<\/div>\n<\/li>\n<\/ul>\n                      <\/div>\n\n                      <aside class=\"c\">\n                              <div class=\"flex flex-col mt-4 mb-4\">\n                                                          <div class=\"flex flex-row bg-white shadow-xl hover:shadow-2xl h-full mb-4\">\n                                            <figure class=\"relative w-1\/4 bg-cover flex-1 bg-center\" style=\"background-image: url('https:\/\/kuurojenliitto.fi\/yhdistyshuone\/wp-content\/uploads\/sites\/11\/2020\/02\/yhdistyksen-yhteystiedot-1280x720.jpg');\">\n                                              <\/figure>\n\n                      <div class=\"w-3\/4 p-4\">\n                      \n                        <h2 class=\"pb-3 leading-tight heading-sm text-lg\">Tukea yhdistystoimintaan<\/h2>\n                        <div><\/div>\n                                                  <a class=\"flex flex-row items-center mb-2 leading-none heading-sm mt-6\" href=\"https:\/\/kuurojenliitto.fi\/yhdistyshuone\/yhteystiedot\/\" target=\"_self\"><span class=\"w-6 h-6 bg-dark text-white px-2 py-1 mr-2 text-center font-medium rounded-full uppercase tracking-widest\">><\/span>Yhteystiedot<\/a>\n                                                                                              <\/div>\n                    <\/div>\n                                  <\/div>\n              \n              \n              \n            <\/aside>\n          \n\n      <\/div>\n    \n  \n<\/section>\n\n\n\n\n<section id=\"column-block_500ed435642c3469c74f0b2d84ffd7b2\" class=\"section-default pt-8 pb-0  px-4 sm:px-4 lg:px-12 xl:px-24 bg-moss-700 text-white title\">\n\n  \n    <div class=\"md:flex md:flex-row items-center\">\n\n      <div class=\"w-full md:w-2\/3\">\n        <h1 class=\"leading-tight text-white  text-2xl sm:text-3xl lg:text-4xl\">Uutisia yhdistyksille<\/h1>\n      <\/div>\n\n      <div class=\"w-full md:w-1\/3 md:text-right\">\n                  <a class=\"btn mt-4 md:mt-0 bg-white text-dark inline-block\" href=\"https:\/\/kuurojenliitto.fi\/yhdistyshuone\/ajankohtaista\" target=\"_blank\">Kaikki Yhdistyshuoneen uutiset<\/a>\n              <\/div>\n\n    <\/div>\n\n  \n\n<\/section>\n\n\n\n<section id=\"column-block_bbda1ed2885942d229e57e01f89cd54f\"\n         class=\"section-default pt-4 pb-8 px-4 sm:px-4 md:px-8 lg:px-12 xl:px-24 bg-moss-700 cards\">\n    \n        <div class=\"flex flex-wrap flex-row -mx-4\">\n\n            \n                                                            \n<article class=\"w-full md:w-1\/3 p-4 relative\">\n  <div class=\"bg-white shadow-xl hover:shadow-2xl h-full \">\n    <figure class=\"relative imageratio\">\n                <img decoding=\"async\" src=\"https:\/\/img.youtube.com\/vi\/cw69R0WheTY\/mqdefault.jpg\" class=\"w-full\">\n            <span class=\"bg-dark py-1 px-2 ml-2 absolute bottom-0 text-sm text-white\">\n      \tF\u00f6reningsverksamhet |       \t9.4.2026<\/span>\n    <\/figure>\n    <h2 class=\"py-3 px-4 leading-tight heading-sm text-lg\">\n      <a href=\"https:\/\/kuurojenliitto.fi\/yhdistyshuone\/sv\/aktuellt\/etayhdistysilta-13-4-klo-18-20-yhdenvertaisuuden-merkitys-yhdistystoiminnassa\/\">Distansf\u00f6reningskv\u00e4ll 13.4. kl 18-20: Likabehandlings betydelse i f\u00f6reningsverksamheten<\/a>\n      <div class=\"hidden play-button absolute z-10 pointer-events-none\"><i class=\"text-5xl text-white far fa-play-circle\"><\/i><\/div>\n    <\/h2>\n  <\/div>\n<\/article>\n                                            \n<article class=\"w-full md:w-1\/3 p-4 relative\">\n  <div class=\"bg-white shadow-xl hover:shadow-2xl h-full \">\n    <figure class=\"relative imageratio\">\n                <img decoding=\"async\" src=\"https:\/\/img.youtube.com\/vi\/cw69R0WheTY\/mqdefault.jpg\" class=\"w-full\">\n            <span class=\"bg-dark py-1 px-2 ml-2 absolute bottom-0 text-sm text-white\">\n      \tYhdistystoiminta |       \t9.4.2026<\/span>\n    <\/figure>\n    <h2 class=\"py-3 px-4 leading-tight heading-sm text-lg\">\n      <a href=\"https:\/\/kuurojenliitto.fi\/yhdistyshuone\/ajankohtaista\/etayhdistysilta-13-4-klo-18-20-yhdenvertaisuuden-merkitys-yhdistystoiminnassa\/\">Et\u00e4yhdistysilta 13.4. klo 18-20: Yhdenvertaisuuden merkitys yhdistystoiminnassa<\/a>\n      <div class=\"hidden play-button absolute z-10 pointer-events-none\"><i class=\"text-5xl text-white far fa-play-circle\"><\/i><\/div>\n    <\/h2>\n  <\/div>\n<\/article>\n                                            \n<article class=\"w-full md:w-1\/3 p-4 relative\">\n  <div class=\"bg-white shadow-xl hover:shadow-2xl h-full \">\n    <figure class=\"relative imageratio\">\n                <img decoding=\"async\" src=\"https:\/\/img.youtube.com\/vi\/wkWC2xq1ldw\/mqdefault.jpg\" class=\"w-full\">\n            <span class=\"bg-dark py-1 px-2 ml-2 absolute bottom-0 text-sm text-white\">\n      \tF\u00f6reningsverksamhet |       \t20.2.2026<\/span>\n    <\/figure>\n    <h2 class=\"py-3 px-4 leading-tight heading-sm text-lg\">\n      <a href=\"https:\/\/kuurojenliitto.fi\/yhdistyshuone\/sv\/aktuellt\/etayhdistysilta-23-2-yhdenvertaisuus-ja-osallisuus-yhdistystoiminnassa\/\">Distansf\u00f6reningskv\u00e4ll 23.2.: Likabehandling och delaktighet i f\u00f6reningsverksamhet<\/a>\n      <div class=\"hidden play-button absolute z-10 pointer-events-none\"><i class=\"text-5xl text-white far fa-play-circle\"><\/i><\/div>\n    <\/h2>\n  <\/div>\n<\/article>\n                                    \n            \n        <\/div>\n\n    \n<\/section>\n\n\n\n\n<section id=\"column-block_e8a801ece967dad79df7452d2fc69eb2\" class=\"section-default pt-8 pb-8  px-4 sm:px-4 lg:px-12 xl:px-24 bg-gray-100 text-gray-900 woo\">\n\n    <div class=\"items-center bg-white shadow-xl hover:shadow-2xl flex flex-col md:flex-row\">\n      <div class=\"w-full md:w-1\/3 lg:w-1\/4\">\n        <figure class=\"imagerati\">\n          <img decoding=\"async\" src=\"https:\/\/kuurojenliitto.fi\/yhdistyshuone\/wp-content\/uploads\/sites\/11\/2023\/04\/facebook-like-g7a6d1b47c_1920.jpg\" class=\"object-cover\">\n        <\/figure>\n      <\/div>\n\n      <div class=\"w-full md:w-1\/3 lg:w-1\/2 p-4 md:px-6 md:py-4 content text-gray-900\">\n        <h2>Seuraa meit\u00e4 somessa!<\/h2>\n      <\/div>\n\n      <div class=\"w-full md:w-1\/3 lg:w-1\/4 pb-4 md:pb-0 px-4 md:px-8\">\n                                    <nav class=\"flex flex-col\">\n          \n                                                                <a class=\"bg-dark text-white btn mt-4 md:mt-0 text-center inline-block\" href=\"https:\/\/www.facebook.com\/KLyhdistyshuone\/\" target=\"_self\">\n                  <span class=\"mx-auto\">Yhdistyshuone Facebookissa<\/span>\n                <\/a>\n                          \n                  <\/nav>\n            <\/div>\n    <\/div>\n\n<\/section>\n\n\n\n<p><\/p>\n","protected":false},"excerpt":{"rendered":"<p>\ud83d\udcc5\u00a0M\u00e5ndag\u00a023.2. kl. 18\u201320 \ud83d\udccd\u00a0Zoom\u00a0\u2013 delta\u00a0var\u00a0du\u00a0\u00e4n\u00a0befinner\u00a0dig\u00a0i Finland! Vad\u00a0betyder\u00a0likabehandling\u00a0och\u00a0delaktighet\u00a0egentligen\u00a0inom\u00a0f\u00f6reningsverksamhet? Hur\u00a0kan\u00a0hinder\u00a0undanr\u00f6jas,\u00a0metoder\u00a0utvecklas\u00a0och\u00a0beslutsfattande\u00a0ske\u00a0s\u00e5\u00a0att\u00a0alla\u00a0beaktas? Hur\u00a0kan\u00a0f\u00f6reningar\u00a0och\u00a0var\u00a0och\u00a0en av\u00a0oss\u00a0fr\u00e4mja\u00a0dessa\u00a0v\u00e4rden\u00a0och\u00a0delta i\u00a0deras\u00a0genomf\u00f6rande? Kom\u00a0och\u00a0diskutera\u00a0med\u00a0oss\u00a0och\u00a0dela\u00a0med\u00a0dig\u00a0av\u00a0dina\u00a0tankar!\u00a0Under\u00a0distansf\u00f6reningskv\u00e4llen\u00a0f\u00f6rdjupar\u00a0vi\u00a0oss\u00a0i\u00a0f\u00f6ljande\u00a0teman: Likabehandlingens\u00a0betydelse\u00a0inom\u00a0f\u00f6reningsverksamhet Fr\u00e4mjande\u00a0av\u00a0delaktighet\u00a0och\u00a0avl\u00e4gsnande\u00a0av\u00a0hinder Praktiska\u00a0metoder\u00a0f\u00f6r\u00a0att\u00a0alla\u00a0ska\u00a0kunna\u00a0delta\u00a0och\u00a0p\u00e5verka Alla \u00e4r v\u00e4lkomna!\u00a0 Zoom-l\u00e4nken finns p\u00e5 F\u00f6reningsrummets f\u00f6rstasida och h\u00e4r: <a href=\"https:\/\/us02web.zoom.us\/j\/84755982697\">https:\/\/us02web.zoom.us\/j\/84755982697<\/a><\/p>\n","protected":false},"author":2,"featured_media":0,"parent":0,"menu_order":0,"comment_status":"closed","ping_status":"closed","template":"","meta":{"footnotes":""},"class_list":["post-20","page","type-page","status-publish","hentry","px-4 sm:px-4 md:px-8 lg:px-12 xl:px-24"],"acf":[],"yoast_head":"<!-- This site is optimized with the Yoast SEO plugin v27.3 - https:\/\/yoast.com\/product\/yoast-seo-wordpress\/ -->\n<title>Etusivu - Yhdistyshuone<\/title>\n<meta name=\"robots\" content=\"index, follow, max-snippet:-1, max-image-preview:large, max-video-preview:-1\" \/>\n<link rel=\"canonical\" href=\"https:\/\/kuurojenliitto.fi\/yhdistyshuone\/\" \/>\n<meta property=\"og:locale\" content=\"fi_FI\" \/>\n<meta property=\"og:type\" content=\"article\" \/>\n<meta property=\"og:title\" content=\"Kuurojen Liitto | Yhdistyshuone\" \/>\n<meta property=\"og:description\" content=\"Yhdistyshuone on liiton j\u00e4senyhdistysten yhteinen verkkosivusto, josta l\u00f6ytyy ajankohtaisia tiedotteita, yhdistystoiminnan oppaita sek\u00e4 yhdistysten yhteystietoja.\" \/>\n<meta property=\"og:url\" content=\"https:\/\/kuurojenliitto.fi\/yhdistyshuone\/\" \/>\n<meta property=\"og:site_name\" content=\"Yhdistyshuone\" \/>\n<meta property=\"article:modified_time\" content=\"2026-04-09T09:17:51+00:00\" \/>\n<meta property=\"og:image\" content=\"https:\/\/kuurojenliitto.fi\/yhdistyshuone\/wp-content\/uploads\/sites\/11\/2020\/06\/yhdistyshuone-verkossa.jpg\" \/>\n\t<meta property=\"og:image:width\" content=\"1618\" \/>\n\t<meta property=\"og:image:height\" content=\"1080\" \/>\n\t<meta property=\"og:image:type\" content=\"image\/jpeg\" \/>\n<meta name=\"twitter:card\" content=\"summary_large_image\" \/>\n<meta name=\"twitter:title\" content=\"Kuurojen Liitto | Yhdistyshuone\" \/>\n<meta name=\"twitter:description\" content=\"Yhdistyshuone on liiton j\u00e4senyhdistysten yhteinen verkkosivusto, josta l\u00f6ytyy ajankohtaisia tiedotteita, yhdistystoiminnan oppaita sek\u00e4 yhdistysten yhteystietoja.\" \/>\n<meta name=\"twitter:image\" content=\"https:\/\/kuurojenliitto.fi\/yhdistyshuone\/wp-content\/uploads\/sites\/11\/2020\/06\/yhdistyshuone-verkossa.jpg\" \/>\n<script type=\"application\/ld+json\" class=\"yoast-schema-graph\">{\"@context\":\"https:\\\/\\\/schema.org\",\"@graph\":[{\"@type\":\"WebPage\",\"@id\":\"https:\\\/\\\/kuurojenliitto.fi\\\/yhdistyshuone\\\/\",\"url\":\"https:\\\/\\\/kuurojenliitto.fi\\\/yhdistyshuone\\\/\",\"name\":\"Etusivu - Yhdistyshuone\",\"isPartOf\":{\"@id\":\"https:\\\/\\\/kuurojenliitto.fi\\\/yhdistyshuone\\\/#website\"},\"datePublished\":\"2019-11-04T08:17:14+00:00\",\"dateModified\":\"2026-04-09T09:17:51+00:00\",\"breadcrumb\":{\"@id\":\"https:\\\/\\\/kuurojenliitto.fi\\\/yhdistyshuone\\\/#breadcrumb\"},\"inLanguage\":\"fi\",\"potentialAction\":[{\"@type\":\"ReadAction\",\"target\":[\"https:\\\/\\\/kuurojenliitto.fi\\\/yhdistyshuone\\\/\"]}]},{\"@type\":\"BreadcrumbList\",\"@id\":\"https:\\\/\\\/kuurojenliitto.fi\\\/yhdistyshuone\\\/#breadcrumb\",\"itemListElement\":[{\"@type\":\"ListItem\",\"position\":1,\"name\":\"Ing\u00e5ngssida\",\"item\":\"https:\\\/\\\/kuurojenliitto.fi\\\/yhdistyshuone\\\/\"},{\"@type\":\"ListItem\",\"position\":2,\"name\":\"Etusivu\"}]},{\"@type\":\"WebSite\",\"@id\":\"https:\\\/\\\/kuurojenliitto.fi\\\/yhdistyshuone\\\/#website\",\"url\":\"https:\\\/\\\/kuurojenliitto.fi\\\/yhdistyshuone\\\/\",\"name\":\"Yhdistyshuone\",\"description\":\"Uusi Kuurojen Liitto-sivustot -sivusto\",\"potentialAction\":[{\"@type\":\"SearchAction\",\"target\":{\"@type\":\"EntryPoint\",\"urlTemplate\":\"https:\\\/\\\/kuurojenliitto.fi\\\/yhdistyshuone\\\/?s={search_term_string}\"},\"query-input\":{\"@type\":\"PropertyValueSpecification\",\"valueRequired\":true,\"valueName\":\"search_term_string\"}}],\"inLanguage\":\"fi\"}]}<\/script>\n<!-- \/ Yoast SEO plugin. -->","yoast_head_json":{"title":"Etusivu - Yhdistyshuone","robots":{"index":"index","follow":"follow","max-snippet":"max-snippet:-1","max-image-preview":"max-image-preview:large","max-video-preview":"max-video-preview:-1"},"canonical":"https:\/\/kuurojenliitto.fi\/yhdistyshuone\/","og_locale":"fi_FI","og_type":"article","og_title":"Kuurojen Liitto | Yhdistyshuone","og_description":"Yhdistyshuone on liiton j\u00e4senyhdistysten yhteinen verkkosivusto, josta l\u00f6ytyy ajankohtaisia tiedotteita, yhdistystoiminnan oppaita sek\u00e4 yhdistysten yhteystietoja.","og_url":"https:\/\/kuurojenliitto.fi\/yhdistyshuone\/","og_site_name":"Yhdistyshuone","article_modified_time":"2026-04-09T09:17:51+00:00","og_image":[{"width":1618,"height":1080,"url":"https:\/\/kuurojenliitto.fi\/yhdistyshuone\/wp-content\/uploads\/sites\/11\/2020\/06\/yhdistyshuone-verkossa.jpg","type":"image\/jpeg"}],"twitter_card":"summary_large_image","twitter_title":"Kuurojen Liitto | Yhdistyshuone","twitter_description":"Yhdistyshuone on liiton j\u00e4senyhdistysten yhteinen verkkosivusto, josta l\u00f6ytyy ajankohtaisia tiedotteita, yhdistystoiminnan oppaita sek\u00e4 yhdistysten yhteystietoja.","twitter_image":"https:\/\/kuurojenliitto.fi\/yhdistyshuone\/wp-content\/uploads\/sites\/11\/2020\/06\/yhdistyshuone-verkossa.jpg","schema":{"@context":"https:\/\/schema.org","@graph":[{"@type":"WebPage","@id":"https:\/\/kuurojenliitto.fi\/yhdistyshuone\/","url":"https:\/\/kuurojenliitto.fi\/yhdistyshuone\/","name":"Etusivu - Yhdistyshuone","isPartOf":{"@id":"https:\/\/kuurojenliitto.fi\/yhdistyshuone\/#website"},"datePublished":"2019-11-04T08:17:14+00:00","dateModified":"2026-04-09T09:17:51+00:00","breadcrumb":{"@id":"https:\/\/kuurojenliitto.fi\/yhdistyshuone\/#breadcrumb"},"inLanguage":"fi","potentialAction":[{"@type":"ReadAction","target":["https:\/\/kuurojenliitto.fi\/yhdistyshuone\/"]}]},{"@type":"BreadcrumbList","@id":"https:\/\/kuurojenliitto.fi\/yhdistyshuone\/#breadcrumb","itemListElement":[{"@type":"ListItem","position":1,"name":"Ing\u00e5ngssida","item":"https:\/\/kuurojenliitto.fi\/yhdistyshuone\/"},{"@type":"ListItem","position":2,"name":"Etusivu"}]},{"@type":"WebSite","@id":"https:\/\/kuurojenliitto.fi\/yhdistyshuone\/#website","url":"https:\/\/kuurojenliitto.fi\/yhdistyshuone\/","name":"Yhdistyshuone","description":"Uusi Kuurojen Liitto-sivustot -sivusto","potentialAction":[{"@type":"SearchAction","target":{"@type":"EntryPoint","urlTemplate":"https:\/\/kuurojenliitto.fi\/yhdistyshuone\/?s={search_term_string}"},"query-input":{"@type":"PropertyValueSpecification","valueRequired":true,"valueName":"search_term_string"}}],"inLanguage":"fi"}]}},"lang":"fi","translations":{"fi":20,"sv":152},"pll_sync_post":[],"_links":{"self":[{"href":"https:\/\/kuurojenliitto.fi\/yhdistyshuone\/wp-json\/wp\/v2\/pages\/20","targetHints":{"allow":["GET"]}}],"collection":[{"href":"https:\/\/kuurojenliitto.fi\/yhdistyshuone\/wp-json\/wp\/v2\/pages"}],"about":[{"href":"https:\/\/kuurojenliitto.fi\/yhdistyshuone\/wp-json\/wp\/v2\/types\/page"}],"author":[{"embeddable":true,"href":"https:\/\/kuurojenliitto.fi\/yhdistyshuone\/wp-json\/wp\/v2\/users\/2"}],"replies":[{"embeddable":true,"href":"https:\/\/kuurojenliitto.fi\/yhdistyshuone\/wp-json\/wp\/v2\/comments?post=20"}],"version-history":[{"count":379,"href":"https:\/\/kuurojenliitto.fi\/yhdistyshuone\/wp-json\/wp\/v2\/pages\/20\/revisions"}],"predecessor-version":[{"id":8726,"href":"https:\/\/kuurojenliitto.fi\/yhdistyshuone\/wp-json\/wp\/v2\/pages\/20\/revisions\/8726"}],"wp:attachment":[{"href":"https:\/\/kuurojenliitto.fi\/yhdistyshuone\/wp-json\/wp\/v2\/media?parent=20"}],"curies":[{"name":"wp","href":"https:\/\/api.w.org\/{rel}","templated":true}]}}