{"id":910,"date":"2024-02-20T13:32:57","date_gmt":"2024-02-20T11:32:57","guid":{"rendered":"https:\/\/kuurojenliitto.fi\/kulttuuripaivat\/?page_id=910"},"modified":"2026-03-18T09:58:50","modified_gmt":"2026-03-18T07:58:50","slug":"kulturdagar","status":"publish","type":"page","link":"https:\/\/kuurojenliitto.fi\/kulttuuripaivat\/sv\/","title":{"rendered":"Kulturdagar 2026"},"content":{"rendered":"\n<section id=\"column-block_0a296c1292cda84a4fb55fe76dbcd97d\" class=\"px-4 sm:px-4 md:px-8 lg:px-12 xl:px-24 section-default \">\n\n            <div class=\"relative py-4 gridder\">\n                        <div id=\"stickier\" class=\"b z-10 flex flex-row flex-wrap  mb-6 top-0 relative\">\n\n          <div class=\"x-tabs w-full\" x-data=\"{ activeTab: 0 }\">\n                    <div :class=\"{ 'hidden': activeTab !== 0 }\" tabindex=\"0\" role=\"tabpanel\" id=\"tab-0\" aria-labelledby=\"label-0\" class=\"bg-white\">\n                            \n    <figure class=\"relative\">\n      <img decoding=\"async\" src=\"https:\/\/kuurojenliitto.fi\/kulttuuripaivat\/wp-content\/uploads\/sites\/9\/2026\/03\/KP2026-1280x720.jpg\" alt=\"\"\"\">\n    <\/figure>\n                                        <\/div>\n                                <\/div>\n\n                              <\/div>\n        \n          <div class=\"content entry-content bg-white p-8 lg:pr-20 a lg:mr-12 mb-3 shadow-xl hover:shadow-2xl\">\n            <h2>Ahoy!<\/h2>\n<p>N\u00e4sta D\u00f6vas riksomfattande kulturdagar n\u00e4rmar sig \u2013 och en of\u00f6rgl\u00f6mlig upplevelse v\u00e4ntar hela gemenskapen! Finlands mest k\u00e4nda och st\u00f6rsta teckenspr\u00e5kiga kulturevenemang ordnas denna g\u00e5ng i en ovanlig milj\u00f6: p\u00e5 ett kryssningsfartyg som seglar<strong> den 22\u201324 maj<\/strong> p\u00e5 rutten <strong>Helsingfors\u2013Stockholm\u2013Helsingfors.<\/strong><\/p>\n<p>Kulturdagarna ordnas nu redan f\u00f6r 33:e g\u00e5ngen, och evenemanget produceras i samarbete med d\u00f6vf\u00f6reningen i Jyv\u00e4skyl\u00e4.<\/p>\n<p>Kulturdagarna \u00e4r \u00f6ppna f\u00f6r alla och har ingen \u00e5ldersgr\u00e4ns: d\u00f6va, h\u00f6rselskadade och h\u00f6rande \u00e4r alla varmt v\u00e4lkomna att uppleva och njuta av den teckenspr\u00e5kiga kulturens rikedom. F\u00f6rutom t\u00e4vlingsprogrammen fungerar kulturdagarna ocks\u00e5 som en viktig m\u00f6tesplats f\u00f6r organisationer och akt\u00f6rer fr\u00e5n olika omr\u00e5den \u2013 ett forum f\u00f6r n\u00e4tverkande och samtal om aktuella fr\u00e5gor.<\/p>\n<p>Kryssningen erbjuder en tillg\u00e4nglig omgivning, s\u00e5 s\u00e4kra din plats i tid och boka ditt resepaket redan nu. F\u00f6lj med p\u00e5 en of\u00f6rgl\u00f6mlig helg p\u00e5 \u00d6stersj\u00f6n fylld av teckenspr\u00e5kig konst, gemenskap, god mat, diskussioner, aktiviteter och maritima upplevelser!<\/p>\n                      <\/div>\n\n                      <aside class=\"c\">\n              \n                            <div class=\"border-l-4 border-color pl-4 mb-8\">\n\n                                  <h3 class=\"heading-lg text-2xl mb-2\">K\u00f6p din kryssningsbiljett h\u00e4r:<\/h3>\n                \n                \n                                  <nav class=\"flex flex-col mt-4\">\n                    \n                      \n                                              <a class=\"border-t border-gray-200 text-gray-100 py-2\"\n                           href=\"https:\/\/pohjolanmatka.fi\/matkapaketit\/risteily\/kulttuuripaivat-2026\/\"\n                           target=\"_blank\"><i\n                            class=\"fal fa-angle-right fa-fw\"><\/i> Pohjolan Matkas f\u00f6rs\u00e4ljningssida (p\u00e5 finska)                        <\/a>\n                      \n                    \n                      \n                                              <a class=\"border-t border-gray-200 text-gray-100 py-2\"\n                           href=\"https:\/\/pohjolanmatka.fi\/varaa\/#!\/kuurojen-valtakunnalliset-kulttuuripaivat-merella-3-pv\/departure\/ORTUKL\/2026-05-22\/2026-05-24\/2\/0\/0\/0\"\n                           target=\"_blank\"><i\n                            class=\"fal fa-angle-right fa-fw\"><\/i> Boka resa (p\u00e5 finska)                        <\/a>\n                      \n                                      <\/nav>\n                \n                              <\/div>\n              \n              \n            <\/aside>\n          \n\n      <\/div>\n    \n  \n<\/section>\n\n\n\n\n<section id=\"column-block_a863c8b8fb967dea220699328ccdde4e\" class=\"section-default pt-0 pb-8 px-4 sm:px-4 md:px-8 lg:px-12 xl:px-24 bg-gray-100 big-card\">\n\n  \n  <div class=\"flex-row -mx-4\">\n\n    <article class=\"p-4 relative w-full\">\n      <div class=\"bg-white shadow-xl hover:shadow-2xl flex flex-col md:flex-row\">\n        <div class=\"big-card-image md:w-1\/2 flex\">\n              <img decoding=\"async\" src=\"https:\/\/kuurojenliitto.fi\/kulttuuripaivat\/wp-content\/uploads\/sites\/9\/2026\/03\/KP2026-kilpailut-1280x720.jpg\" class=\"object-cover\">\n        <\/div>\n        <div class=\"md:w-1\/2 px-8 py-4\">\n                      <h3 class=\"mt-4 text-2xl leading-tight heading-lg\">T\u00e4vlingar<\/h3>\n                    <hr class=\"border-b-4 border-color w-24 my-5 mr-auto\"\/>\n                      <p>Vill du upptr\u00e4da p\u00e5 scen? \u00c4r du skicklig med h\u00e4nderna? Eller \u00e4r fr\u00e5gesporten din styrka? Anm\u00e4l dig till kulturdagarnas t\u00e4vlingskategorier!<\/p>\n                    \n                          <nav class=\"flex flex-col mt-4\">\n              \n                \n                                    <a class=\"flex flex-row items-center mb-2 leading-none heading-sm mt-6\" href=\"https:\/\/kuurojenliitto.fi\/kulttuuripaivat\/sv\/tavlingar\/\" target=\"_self\"><span class=\"w-8 h-8 bg-dark text-white p-2 mr-2 text-center font-medium rounded-full uppercase\"><i class=\"far fa-angle-right\"><\/i><\/span>Mer information och anm\u00e4lan till t\u00e4vlingarna<\/a>\n                                                \n                            <\/nav>\n                              <\/div>\n      <\/div>\n    <\/article>\n  <\/div>\n\n  \n<\/section>\n\n\n\n\n<section id=\"column-block_c26d873a5767d0736c5e8e552044df16\" class=\"section-default pt-8 pb-4  px-4 sm:px-4 lg:px-12 xl:px-24 bg-white text-gray-900 title\">\n\n  \n    <h1 class=\"leading-tight heading-lg text-2xl sm:text-3xl lg:text-4xl\">Kulturdagsnyheter<\/h1>\n\n  \n\n<\/section>\n\n\n<section id=\"column-block_1df3b00b1bc2e509ddc20e2bf318c929\" class=\"section- pt-0 pb-0  px-4 sm:px-4 lg:px-12 xl:px-24 bg-white text-gray-900 title\">\n<div class=\"flex flex-wrap flex-row -mx-4\">\n    <div class=\"w-full md:w-1\/4 p-4 relative theme-blue\">\n  <div class=\"bg-white shadow-xl hover:shadow-2xl h-full  card-blue\">\n      <figure class=\"relative imageratio\">\n                        <img decoding=\"async\" alt=\"\" src=\"https:\/\/img.youtube.com\/vi\/FNvL6_FQIbs\/mqdefault.jpg\" class=\"object-cover\">\n                              <span class=\"bg-dark py-1 px-2 ml-2 absolute bottom-0 text-sm text-white\">\n            Nyheter | 19.12.2025          <\/span>\n              <\/figure>\n      <div class=\"w-full py-3 px-4 \">\n          <header class=\"entry-header\">\n              <h2 class=\"entry-title leading-tight heading-lg text-lg\"><a href=\"https:\/\/kuurojenliitto.fi\/?p=58282\" rel=\"bookmark\">D\u00f6vas 33:e riksomfattande kulturdagar p\u00e5 havet<\/a><\/h2>\n          <\/header>\n          <div class=\"entry-content mt-3 hidden\">\n              <p class=\"text-base text-gray-900\"> <\/p>\n          <\/div><!-- .entry-content -->\n      <\/div>\n  <\/div>\n<\/div>\n<\/div>\n<div class=\"flex flex-wrap flex-row -mx-4\">\n    <\/div>\n<\/section>\n\n\n\n<p><\/p>\n","protected":false},"excerpt":{"rendered":"<p>Ahoy! N\u00e4sta D\u00f6vas riksomfattande kulturdagar n\u00e4rmar sig \u2013 och en of\u00f6rgl\u00f6mlig upplevelse v\u00e4ntar hela gemenskapen! Finlands mest k\u00e4nda och st\u00f6rsta teckenspr\u00e5kiga kulturevenemang ordnas denna g\u00e5ng i en ovanlig milj\u00f6: p\u00e5 ett kryssningsfartyg som seglar den&#8230;<\/p>\n","protected":false},"author":7,"featured_media":0,"parent":0,"menu_order":0,"comment_status":"closed","ping_status":"closed","template":"","meta":{"footnotes":""},"class_list":["post-910","page","type-page","status-publish","hentry","px-4 sm:px-4 md:px-8 lg:px-12 xl:px-24"],"acf":[],"yoast_head":"<!-- This site is optimized with the Yoast SEO plugin v27.3 - https:\/\/yoast.com\/product\/yoast-seo-wordpress\/ -->\n<title>Kulturdagar 2026 - Kulttuurip\u00e4iv\u00e4t<\/title>\n<meta name=\"robots\" content=\"index, follow, max-snippet:-1, max-image-preview:large, max-video-preview:-1\" \/>\n<link rel=\"canonical\" href=\"https:\/\/kuurojenliitto.fi\/kulttuuripaivat\/sv\/\" \/>\n<meta property=\"og:locale\" content=\"fi_FI\" \/>\n<meta property=\"og:type\" content=\"article\" \/>\n<meta property=\"og:title\" content=\"Kulturdagar 2026 - Kulttuurip\u00e4iv\u00e4t\" \/>\n<meta property=\"og:description\" content=\"Ahoy! N\u00e4sta D\u00f6vas riksomfattande kulturdagar n\u00e4rmar sig \u2013 och en of\u00f6rgl\u00f6mlig upplevelse v\u00e4ntar hela gemenskapen! Finlands mest k\u00e4nda och st\u00f6rsta teckenspr\u00e5kiga kulturevenemang ordnas denna g\u00e5ng i en ovanlig milj\u00f6: p\u00e5 ett kryssningsfartyg som seglar den...\" \/>\n<meta property=\"og:url\" content=\"https:\/\/kuurojenliitto.fi\/kulttuuripaivat\/sv\/\" \/>\n<meta property=\"og:site_name\" content=\"Kulttuurip\u00e4iv\u00e4t\" \/>\n<meta property=\"article:modified_time\" content=\"2026-03-18T07:58:50+00:00\" \/>\n<meta name=\"twitter:card\" content=\"summary_large_image\" \/>\n<script type=\"application\/ld+json\" class=\"yoast-schema-graph\">{\"@context\":\"https:\\\/\\\/schema.org\",\"@graph\":[{\"@type\":\"WebPage\",\"@id\":\"https:\\\/\\\/kuurojenliitto.fi\\\/kulttuuripaivat\\\/sv\\\/\",\"url\":\"https:\\\/\\\/kuurojenliitto.fi\\\/kulttuuripaivat\\\/sv\\\/\",\"name\":\"Kulturdagar 2026 - Kulttuurip\u00e4iv\u00e4t\",\"isPartOf\":{\"@id\":\"https:\\\/\\\/kuurojenliitto.fi\\\/kulttuuripaivat\\\/#website\"},\"datePublished\":\"2024-02-20T11:32:57+00:00\",\"dateModified\":\"2026-03-18T07:58:50+00:00\",\"breadcrumb\":{\"@id\":\"https:\\\/\\\/kuurojenliitto.fi\\\/kulttuuripaivat\\\/sv\\\/#breadcrumb\"},\"inLanguage\":\"fi\",\"potentialAction\":[{\"@type\":\"ReadAction\",\"target\":[\"https:\\\/\\\/kuurojenliitto.fi\\\/kulttuuripaivat\\\/sv\\\/\"]}]},{\"@type\":\"BreadcrumbList\",\"@id\":\"https:\\\/\\\/kuurojenliitto.fi\\\/kulttuuripaivat\\\/sv\\\/#breadcrumb\",\"itemListElement\":[{\"@type\":\"ListItem\",\"position\":1,\"name\":\"Home\",\"item\":\"https:\\\/\\\/kuurojenliitto.fi\\\/kulttuuripaivat\\\/\"},{\"@type\":\"ListItem\",\"position\":2,\"name\":\"Kulturdagar 2026\"}]},{\"@type\":\"WebSite\",\"@id\":\"https:\\\/\\\/kuurojenliitto.fi\\\/kulttuuripaivat\\\/#website\",\"url\":\"https:\\\/\\\/kuurojenliitto.fi\\\/kulttuuripaivat\\\/\",\"name\":\"Kulttuurip\u00e4iv\u00e4t\",\"description\":\"Uusi Kuurojen Liitto-sivustot -sivusto\",\"potentialAction\":[{\"@type\":\"SearchAction\",\"target\":{\"@type\":\"EntryPoint\",\"urlTemplate\":\"https:\\\/\\\/kuurojenliitto.fi\\\/kulttuuripaivat\\\/?s={search_term_string}\"},\"query-input\":{\"@type\":\"PropertyValueSpecification\",\"valueRequired\":true,\"valueName\":\"search_term_string\"}}],\"inLanguage\":\"fi\"}]}<\/script>\n<!-- \/ Yoast SEO plugin. -->","yoast_head_json":{"title":"Kulturdagar 2026 - Kulttuurip\u00e4iv\u00e4t","robots":{"index":"index","follow":"follow","max-snippet":"max-snippet:-1","max-image-preview":"max-image-preview:large","max-video-preview":"max-video-preview:-1"},"canonical":"https:\/\/kuurojenliitto.fi\/kulttuuripaivat\/sv\/","og_locale":"fi_FI","og_type":"article","og_title":"Kulturdagar 2026 - Kulttuurip\u00e4iv\u00e4t","og_description":"Ahoy! N\u00e4sta D\u00f6vas riksomfattande kulturdagar n\u00e4rmar sig \u2013 och en of\u00f6rgl\u00f6mlig upplevelse v\u00e4ntar hela gemenskapen! Finlands mest k\u00e4nda och st\u00f6rsta teckenspr\u00e5kiga kulturevenemang ordnas denna g\u00e5ng i en ovanlig milj\u00f6: p\u00e5 ett kryssningsfartyg som seglar den...","og_url":"https:\/\/kuurojenliitto.fi\/kulttuuripaivat\/sv\/","og_site_name":"Kulttuurip\u00e4iv\u00e4t","article_modified_time":"2026-03-18T07:58:50+00:00","twitter_card":"summary_large_image","schema":{"@context":"https:\/\/schema.org","@graph":[{"@type":"WebPage","@id":"https:\/\/kuurojenliitto.fi\/kulttuuripaivat\/sv\/","url":"https:\/\/kuurojenliitto.fi\/kulttuuripaivat\/sv\/","name":"Kulturdagar 2026 - Kulttuurip\u00e4iv\u00e4t","isPartOf":{"@id":"https:\/\/kuurojenliitto.fi\/kulttuuripaivat\/#website"},"datePublished":"2024-02-20T11:32:57+00:00","dateModified":"2026-03-18T07:58:50+00:00","breadcrumb":{"@id":"https:\/\/kuurojenliitto.fi\/kulttuuripaivat\/sv\/#breadcrumb"},"inLanguage":"fi","potentialAction":[{"@type":"ReadAction","target":["https:\/\/kuurojenliitto.fi\/kulttuuripaivat\/sv\/"]}]},{"@type":"BreadcrumbList","@id":"https:\/\/kuurojenliitto.fi\/kulttuuripaivat\/sv\/#breadcrumb","itemListElement":[{"@type":"ListItem","position":1,"name":"Home","item":"https:\/\/kuurojenliitto.fi\/kulttuuripaivat\/"},{"@type":"ListItem","position":2,"name":"Kulturdagar 2026"}]},{"@type":"WebSite","@id":"https:\/\/kuurojenliitto.fi\/kulttuuripaivat\/#website","url":"https:\/\/kuurojenliitto.fi\/kulttuuripaivat\/","name":"Kulttuurip\u00e4iv\u00e4t","description":"Uusi Kuurojen Liitto-sivustot -sivusto","potentialAction":[{"@type":"SearchAction","target":{"@type":"EntryPoint","urlTemplate":"https:\/\/kuurojenliitto.fi\/kulttuuripaivat\/?s={search_term_string}"},"query-input":{"@type":"PropertyValueSpecification","valueRequired":true,"valueName":"search_term_string"}}],"inLanguage":"fi"}]}},"lang":"sv","translations":{"sv":910,"fi":5},"pll_sync_post":[],"_links":{"self":[{"href":"https:\/\/kuurojenliitto.fi\/kulttuuripaivat\/wp-json\/wp\/v2\/pages\/910","targetHints":{"allow":["GET"]}}],"collection":[{"href":"https:\/\/kuurojenliitto.fi\/kulttuuripaivat\/wp-json\/wp\/v2\/pages"}],"about":[{"href":"https:\/\/kuurojenliitto.fi\/kulttuuripaivat\/wp-json\/wp\/v2\/types\/page"}],"author":[{"embeddable":true,"href":"https:\/\/kuurojenliitto.fi\/kulttuuripaivat\/wp-json\/wp\/v2\/users\/7"}],"replies":[{"embeddable":true,"href":"https:\/\/kuurojenliitto.fi\/kulttuuripaivat\/wp-json\/wp\/v2\/comments?post=910"}],"version-history":[{"count":21,"href":"https:\/\/kuurojenliitto.fi\/kulttuuripaivat\/wp-json\/wp\/v2\/pages\/910\/revisions"}],"predecessor-version":[{"id":1459,"href":"https:\/\/kuurojenliitto.fi\/kulttuuripaivat\/wp-json\/wp\/v2\/pages\/910\/revisions\/1459"}],"wp:attachment":[{"href":"https:\/\/kuurojenliitto.fi\/kulttuuripaivat\/wp-json\/wp\/v2\/media?parent=910"}],"curies":[{"name":"wp","href":"https:\/\/api.w.org\/{rel}","templated":true}]}}